{"id":1173,"date":"2023-06-15T21:17:46","date_gmt":"2023-06-15T21:17:46","guid":{"rendered":"https:\/\/salvadordabahia.com\/capitalafro\/?post_type=destaques&#038;p=1173"},"modified":"2023-06-16T09:26:11","modified_gmt":"2023-06-16T12:26:11","slug":"forum-permanente-de-itapua","status":"publish","type":"destaques","link":"https:\/\/www.salvadordabahia.com\/capitalafro\/destaques\/forum-permanente-de-itapua\/","title":{"rendered":"F\u00f3rum Permanente de Itapu\u00e3"},"content":{"rendered":"<p>Coletivo formado com a proposta de dar continuidade \u00e0s a\u00e7\u00f5es desenvolvidas durante o F\u00f3rum Social Mundial 2018, o F\u00f3rum Permanente de Itapu\u00e3 (FPI) tem como objetivo a luta em defesa do meio ambiente, da cultura e do bem viver do bairro de Itapu\u00e3. Para isso, o grupo promove o desenvolvimento sustent\u00e1vel da regi\u00e3o e suas comunidades, o que os tornou uma refer\u00eancia em Salvador quando se trata de mobiliza\u00e7\u00e3o e engajamento comunit\u00e1rio.<\/p>\n<p>O trabalho do FPI abrange diversas \u00e1reas, que v\u00e3o do meio ambiente \u00e0 cultura, do turismo consciente \u00e0 seguran\u00e7a p\u00fablica e infraestrutura urbana. Entre as muitas lutas do coletivo, dois dos principais focos nos \u00faltimos anos t\u00eam sido a defesa do Parque do Abaet\u00e9 \u2013 que \u00e9 uma \u00c1rea de Prote\u00e7\u00e3o Ambiental (APA) \u2013 e a reforma da orla de Itapu\u00e3, que contribuem ainda na defesa da cultura e das tradi\u00e7\u00f5es do territ\u00f3rio.<\/p>\n<p>A entidade tem como objetivo buscar maior conscientiza\u00e7\u00e3o ecol\u00f3gica e pol\u00edtica de sua comunidade, mas tamb\u00e9m chamar a aten\u00e7\u00e3o do restante da cidade para a necessidade de proteger e preservar o bairro de Itapu\u00e3, que possui biodiversidade riqu\u00edssima, que \u00e9 intimamente ligada \u00e0 riqueza hist\u00f3rico-religiosa \u2013 e ritual\u00edstica! \u2013 das religi\u00f5es de matriz africana.<\/p>\n<h3>Servi\u00e7o:<\/h3>\n<p><strong>F\u00f3rum Permanente de Itapu\u00e3<\/strong><br \/>\nInstagram: <a href=\"https:\/\/www.instagram.com\/forumpermanentedeitapua.ofc\/\" target=\"_blank\" rel=\"noopener\">@forumpermanentedeitapua.ofc<\/a><br \/>\nFacebook: www.facebook.com\/FPItapua<br \/>\nE-mail: fpitapua@gmail.com<\/p>\n","protected":false},"featured_media":0,"template":"","tipos":[138],"acf":[],"yoast_head":"<!-- This site is optimized with the Yoast SEO plugin v21.5 - https:\/\/yoast.com\/wordpress\/plugins\/seo\/ -->\n<title>F\u00f3rum Permanente de Itapu\u00e3 - Salvador Capital Afro<\/title>\n<meta name=\"robots\" content=\"index, follow, max-snippet:-1, max-image-preview:large, max-video-preview:-1\" \/>\n<link rel=\"canonical\" href=\"https:\/\/www.salvadordabahia.com\/capitalafro\/destaques\/forum-permanente-de-itapua\/\" \/>\n<meta property=\"og:locale\" content=\"pt_BR\" \/>\n<meta property=\"og:type\" content=\"article\" \/>\n<meta property=\"og:title\" content=\"F\u00f3rum Permanente de Itapu\u00e3 - Salvador Capital Afro\" \/>\n<meta property=\"og:description\" content=\"Coletivo formado com a proposta de dar continuidade \u00e0s a\u00e7\u00f5es desenvolvidas durante o F\u00f3rum Social Mundial 2018, o F\u00f3rum Permanente de Itapu\u00e3 (FPI) tem como objetivo a luta em defesa do meio ambiente, da cultura e do bem viver do bairro de Itapu\u00e3. Para isso, o grupo promove o desenvolvimento sustent\u00e1vel da regi\u00e3o e suas [&hellip;]\" \/>\n<meta property=\"og:url\" content=\"https:\/\/www.salvadordabahia.com\/capitalafro\/destaques\/forum-permanente-de-itapua\/\" \/>\n<meta property=\"og:site_name\" content=\"Salvador Capital Afro\" \/>\n<meta property=\"article:modified_time\" content=\"2023-06-16T12:26:11+00:00\" \/>\n<meta name=\"twitter:card\" content=\"summary_large_image\" \/>\n<meta name=\"twitter:label1\" content=\"Est. tempo de leitura\" \/>\n\t<meta name=\"twitter:data1\" content=\"2 minutos\" \/>\n<script type=\"application\/ld+json\" class=\"yoast-schema-graph\">{\"@context\":\"https:\/\/schema.org\",\"@graph\":[{\"@type\":\"WebPage\",\"@id\":\"https:\/\/www.salvadordabahia.com\/capitalafro\/destaques\/forum-permanente-de-itapua\/\",\"url\":\"https:\/\/www.salvadordabahia.com\/capitalafro\/destaques\/forum-permanente-de-itapua\/\",\"name\":\"F\u00f3rum Permanente de Itapu\u00e3 - Salvador Capital Afro\",\"isPartOf\":{\"@id\":\"https:\/\/www.salvadordabahia.com\/capitalafro\/#website\"},\"datePublished\":\"2023-06-15T21:17:46+00:00\",\"dateModified\":\"2023-06-16T12:26:11+00:00\",\"breadcrumb\":{\"@id\":\"https:\/\/www.salvadordabahia.com\/capitalafro\/destaques\/forum-permanente-de-itapua\/#breadcrumb\"},\"inLanguage\":\"pt-BR\",\"potentialAction\":[{\"@type\":\"ReadAction\",\"target\":[\"https:\/\/www.salvadordabahia.com\/capitalafro\/destaques\/forum-permanente-de-itapua\/\"]}]},{\"@type\":\"BreadcrumbList\",\"@id\":\"https:\/\/www.salvadordabahia.com\/capitalafro\/destaques\/forum-permanente-de-itapua\/#breadcrumb\",\"itemListElement\":[{\"@type\":\"ListItem\",\"position\":1,\"name\":\"In\u00edcio\",\"item\":\"https:\/\/www.salvadordabahia.com\/capitalafro\/\"},{\"@type\":\"ListItem\",\"position\":2,\"name\":\"Destaques\",\"item\":\"https:\/\/www.salvadordabahia.com\/capitalafro\/destaques\/\"},{\"@type\":\"ListItem\",\"position\":3,\"name\":\"F\u00f3rum Permanente de Itapu\u00e3\"}]},{\"@type\":\"WebSite\",\"@id\":\"https:\/\/www.salvadordabahia.com\/capitalafro\/#website\",\"url\":\"https:\/\/www.salvadordabahia.com\/capitalafro\/\",\"name\":\"Salvador Capital Afro\",\"description\":\"\",\"potentialAction\":[{\"@type\":\"SearchAction\",\"target\":{\"@type\":\"EntryPoint\",\"urlTemplate\":\"https:\/\/www.salvadordabahia.com\/capitalafro\/?s={search_term_string}\"},\"query-input\":\"required name=search_term_string\"}],\"inLanguage\":\"pt-BR\"}]}<\/script>\n<!-- \/ Yoast SEO plugin. -->","yoast_head_json":{"title":"F\u00f3rum Permanente de Itapu\u00e3 - Salvador Capital Afro","robots":{"index":"index","follow":"follow","max-snippet":"max-snippet:-1","max-image-preview":"max-image-preview:large","max-video-preview":"max-video-preview:-1"},"canonical":"https:\/\/www.salvadordabahia.com\/capitalafro\/destaques\/forum-permanente-de-itapua\/","og_locale":"pt_BR","og_type":"article","og_title":"F\u00f3rum Permanente de Itapu\u00e3 - Salvador Capital Afro","og_description":"Coletivo formado com a proposta de dar continuidade \u00e0s a\u00e7\u00f5es desenvolvidas durante o F\u00f3rum Social Mundial 2018, o F\u00f3rum Permanente de Itapu\u00e3 (FPI) tem como objetivo a luta em defesa do meio ambiente, da cultura e do bem viver do bairro de Itapu\u00e3. Para isso, o grupo promove o desenvolvimento sustent\u00e1vel da regi\u00e3o e suas [&hellip;]","og_url":"https:\/\/www.salvadordabahia.com\/capitalafro\/destaques\/forum-permanente-de-itapua\/","og_site_name":"Salvador Capital Afro","article_modified_time":"2023-06-16T12:26:11+00:00","twitter_card":"summary_large_image","twitter_misc":{"Est. tempo de leitura":"2 minutos"},"schema":{"@context":"https:\/\/schema.org","@graph":[{"@type":"WebPage","@id":"https:\/\/www.salvadordabahia.com\/capitalafro\/destaques\/forum-permanente-de-itapua\/","url":"https:\/\/www.salvadordabahia.com\/capitalafro\/destaques\/forum-permanente-de-itapua\/","name":"F\u00f3rum Permanente de Itapu\u00e3 - Salvador Capital Afro","isPartOf":{"@id":"https:\/\/www.salvadordabahia.com\/capitalafro\/#website"},"datePublished":"2023-06-15T21:17:46+00:00","dateModified":"2023-06-16T12:26:11+00:00","breadcrumb":{"@id":"https:\/\/www.salvadordabahia.com\/capitalafro\/destaques\/forum-permanente-de-itapua\/#breadcrumb"},"inLanguage":"pt-BR","potentialAction":[{"@type":"ReadAction","target":["https:\/\/www.salvadordabahia.com\/capitalafro\/destaques\/forum-permanente-de-itapua\/"]}]},{"@type":"BreadcrumbList","@id":"https:\/\/www.salvadordabahia.com\/capitalafro\/destaques\/forum-permanente-de-itapua\/#breadcrumb","itemListElement":[{"@type":"ListItem","position":1,"name":"In\u00edcio","item":"https:\/\/www.salvadordabahia.com\/capitalafro\/"},{"@type":"ListItem","position":2,"name":"Destaques","item":"https:\/\/www.salvadordabahia.com\/capitalafro\/destaques\/"},{"@type":"ListItem","position":3,"name":"F\u00f3rum Permanente de Itapu\u00e3"}]},{"@type":"WebSite","@id":"https:\/\/www.salvadordabahia.com\/capitalafro\/#website","url":"https:\/\/www.salvadordabahia.com\/capitalafro\/","name":"Salvador Capital Afro","description":"","potentialAction":[{"@type":"SearchAction","target":{"@type":"EntryPoint","urlTemplate":"https:\/\/www.salvadordabahia.com\/capitalafro\/?s={search_term_string}"},"query-input":"required name=search_term_string"}],"inLanguage":"pt-BR"}]}},"_links":{"self":[{"href":"https:\/\/www.salvadordabahia.com\/capitalafro\/wp-json\/wp\/v2\/destaques\/1173"}],"collection":[{"href":"https:\/\/www.salvadordabahia.com\/capitalafro\/wp-json\/wp\/v2\/destaques"}],"about":[{"href":"https:\/\/www.salvadordabahia.com\/capitalafro\/wp-json\/wp\/v2\/types\/destaques"}],"wp:attachment":[{"href":"https:\/\/www.salvadordabahia.com\/capitalafro\/wp-json\/wp\/v2\/media?parent=1173"}],"wp:term":[{"taxonomy":"tipos","embeddable":true,"href":"https:\/\/www.salvadordabahia.com\/capitalafro\/wp-json\/wp\/v2\/tipos?post=1173"}],"curies":[{"name":"wp","href":"https:\/\/api.w.org\/{rel}","templated":true}]}}

Fórum Permanente de Itapuã

<p>Coletivo formado com a proposta de dar continuidade às ações desenvolvidas durante o Fórum Social Mundial 2018, o Fórum Permanente de Itapuã (FPI) tem como objetivo a luta em defesa do meio ambiente, da cultura e do bem viver do bairro de Itapuã. Para isso, o grupo promove o desenvolvimento sustentável da região e suas comunidades, o que os tornou uma referência em Salvador quando se trata de mobilização e engajamento comunitário.</p>
<p>O trabalho do FPI abrange diversas áreas, que vão do meio ambiente à cultura, do turismo consciente à segurança pública e infraestrutura urbana. Entre as muitas lutas do coletivo, dois dos principais focos nos últimos anos têm sido a defesa do Parque do Abaeté – que é uma Área de Proteção Ambiental (APA) – e a reforma da orla de Itapuã, que contribuem ainda na defesa da cultura e das tradições do território.</p>
<p>A entidade tem como objetivo buscar maior conscientização ecológica e política de sua comunidade, mas também chamar a atenção do restante da cidade para a necessidade de proteger e preservar o bairro de Itapuã, que possui biodiversidade riquíssima, que é intimamente ligada à riqueza histórico-religiosa – e ritualística! – das religiões de matriz africana.</p>
<h3>Serviço:</h3>
<p><strong>Fórum Permanente de Itapuã</strong><br />
Instagram: <a href="https://www.instagram.com/forumpermanentedeitapua.ofc/" target="_blank" rel="noopener">@forumpermanentedeitapua.ofc</a><br />
Facebook: www.facebook.com/FPItapua<br />
E-mail: fpitapua@gmail.com</p>

<!-- This site is optimized with the Yoast SEO plugin v21.5 - https://yoast.com/wordpress/plugins/seo/ -->
<title>Fórum Permanente de Itapuã - Salvador Capital Afro</title>
<meta name="robots" content="index, follow, max-snippet:-1, max-image-preview:large, max-video-preview:-1" />
<link rel="canonical" href="https://www.salvadordabahia.com/capitalafro/destaques/forum-permanente-de-itapua/" />
<meta property="og:locale" content="pt_BR" />
<meta property="og:type" content="article" />
<meta property="og:title" content="Fórum Permanente de Itapuã - Salvador Capital Afro" />
<meta property="og:description" content="Coletivo formado com a proposta de dar continuidade às ações desenvolvidas durante o Fórum Social Mundial 2018, o Fórum Permanente de Itapuã (FPI) tem como objetivo a luta em defesa do meio ambiente, da cultura e do bem viver do bairro de Itapuã. Para isso, o grupo promove o desenvolvimento sustentável da região e suas [&hellip;]" />
<meta property="og:url" content="https://www.salvadordabahia.com/capitalafro/destaques/forum-permanente-de-itapua/" />
<meta property="og:site_name" content="Salvador Capital Afro" />
<meta property="article:modified_time" content="2023-06-16T12:26:11+00:00" />
<meta name="twitter:card" content="summary_large_image" />
<meta name="twitter:label1" content="Est. tempo de leitura" />
	<meta name="twitter:data1" content="2 minutos" />
<script type="application/ld+json" class="yoast-schema-graph">{"@context":"https://schema.org","@graph":[{"@type":"WebPage","@id":"https://www.salvadordabahia.com/capitalafro/destaques/forum-permanente-de-itapua/","url":"https://www.salvadordabahia.com/capitalafro/destaques/forum-permanente-de-itapua/","name":"Fórum Permanente de Itapuã - Salvador Capital Afro","isPartOf":{"@id":"https://www.salvadordabahia.com/capitalafro/#website"},"datePublished":"2023-06-15T21:17:46+00:00","dateModified":"2023-06-16T12:26:11+00:00","breadcrumb":{"@id":"https://www.salvadordabahia.com/capitalafro/destaques/forum-permanente-de-itapua/#breadcrumb"},"inLanguage":"pt-BR","potentialAction":[{"@type":"ReadAction","target":["https://www.salvadordabahia.com/capitalafro/destaques/forum-permanente-de-itapua/"]}]},{"@type":"BreadcrumbList","@id":"https://www.salvadordabahia.com/capitalafro/destaques/forum-permanente-de-itapua/#breadcrumb","itemListElement":[{"@type":"ListItem","position":1,"name":"Início","item":"https://www.salvadordabahia.com/capitalafro/"},{"@type":"ListItem","position":2,"name":"Destaques","item":"https://www.salvadordabahia.com/capitalafro/destaques/"},{"@type":"ListItem","position":3,"name":"Fórum Permanente de Itapuã"}]},{"@type":"WebSite","@id":"https://www.salvadordabahia.com/capitalafro/#website","url":"https://www.salvadordabahia.com/capitalafro/","name":"Salvador Capital Afro","description":"","potentialAction":[{"@type":"SearchAction","target":{"@type":"EntryPoint","urlTemplate":"https://www.salvadordabahia.com/capitalafro/?s={search_term_string}"},"query-input":"required name=search_term_string"}],"inLanguage":"pt-BR"}]}</script>
<!-- / Yoast SEO plugin. -->

Fórum Permanente de Itapuã - Salvador Capital Afro

Coletivo formado com a proposta de dar continuidade às ações desenvolvidas durante o Fórum Social Mundial 2018, o Fórum Permanente de Itapuã (FPI) tem como objetivo a luta em defesa do meio ambiente, da cultura e do bem viver do bairro de Itapuã. Para isso, o grupo promove o desenvolvimento sustentável da região e suas [&hellip;]

Início
