{"id":1170,"date":"2023-06-15T21:17:35","date_gmt":"2023-06-15T21:17:35","guid":{"rendered":"https:\/\/salvadordabahia.com\/capitalafro\/?post_type=destaques&#038;p=1170"},"modified":"2023-06-16T09:26:16","modified_gmt":"2023-06-16T12:26:16","slug":"escola-de-samba-unidos-de-itapua","status":"publish","type":"destaques","link":"https:\/\/www.salvadordabahia.com\/capitalafro\/destaques\/escola-de-samba-unidos-de-itapua\/","title":{"rendered":"Escola de Samba Unidos de Itapu\u00e3"},"content":{"rendered":"<p>Na terra do trio el\u00e9trico, a Escola de Samba Unidos de Itapu\u00e3 j\u00e1 tem 15 anos de exist\u00eancia. Ela nasceu na Primeira Travessa do Gravat\u00e1, no bairro de Itapu\u00e3, quando cinco amigos se uniram para ensinar percuss\u00e3o a jovens da comunidade. Pouco tempo depois, surgiu a ideia de nomear uma porta-bandeira e um mestre-sala e fazer um arrast\u00e3o na regi\u00e3o do Abaet\u00e9. Foi assim que a ent\u00e3o associa\u00e7\u00e3o cultural acabou se tornando tamb\u00e9m uma escola de samba.<\/p>\n<p>Em uma comunidade rica culturalmente e por onde j\u00e1 passaram grandes nomes da m\u00fasica baiana, a Unidos de Itapu\u00e3 faz um resgate da tradi\u00e7\u00e3o das agremia\u00e7\u00f5es de samba em Salvador, pr\u00e1tica que tinha muito destaque entre as d\u00e9cadas de 1960 e 1970, mas foi ficando mais rara com a chegada dos trios el\u00e9tricos. Esse foi, inclusive, o tema do samba-enredo em 2019: \u201cEscola de Samba na Bahia: do nascimento ao renascimento\u201d.<\/p>\n<p>Sua m\u00fasica contagiante, que mistura samba, reggae e outros ritmos afro-brasileiros, j\u00e1 rendeu \u00e0 escola apresenta\u00e7\u00f5es em shows de artistas como Mariene de Castro, Juliana Ribeiro, Bailinho de Quinta e Barlavento. A escola participa da folia momesca no Pelourinho, de festas p\u00fablicas e privadas e da tradicional Lavagem de Itapu\u00e3. Al\u00e9m disso, durante todo o ano realiza ensaios na Pra\u00e7a Dorival Caymmi, festivais para escolha do samba-enredo, oficinas e cursos de m\u00fasica para adultos e crian\u00e7as.<\/p>\n<h3>Servi\u00e7o<\/h3>\n<p><strong>Escola de Samba Unidos de Itapu\u00e3<\/strong><br \/>\nEndere\u00e7o: Primeira Travessa do Gravat\u00e1, 10A \u2013 Itapu\u00e3.<br \/>\nInstagram: <a href=\"https:\/\/www.instagram.com\/unidosdeitapuaoficial\/\" target=\"_blank\" rel=\"noopener\">@unidosdeitapuaoficial<\/a><br \/>\nE-mail: unidosdeitapua@gmail.com<br \/>\nTelefones: (71) 98847-3723 \/ 98709-3916<br \/>\nFacebook: www.facebook.com\/unidosdeitapua\/<\/p>\n","protected":false},"featured_media":1235,"template":"","tipos":[138],"acf":[],"yoast_head":"<!-- This site is optimized with the Yoast SEO plugin v21.5 - https:\/\/yoast.com\/wordpress\/plugins\/seo\/ -->\n<title>Escola de Samba Unidos de Itapu\u00e3 - Salvador Capital Afro<\/title>\n<meta name=\"robots\" content=\"index, follow, max-snippet:-1, max-image-preview:large, max-video-preview:-1\" \/>\n<link rel=\"canonical\" href=\"https:\/\/www.salvadordabahia.com\/capitalafro\/destaques\/escola-de-samba-unidos-de-itapua\/\" \/>\n<meta property=\"og:locale\" content=\"pt_BR\" \/>\n<meta property=\"og:type\" content=\"article\" \/>\n<meta property=\"og:title\" content=\"Escola de Samba Unidos de Itapu\u00e3 - Salvador Capital Afro\" \/>\n<meta property=\"og:description\" content=\"Na terra do trio el\u00e9trico, a Escola de Samba Unidos de Itapu\u00e3 j\u00e1 tem 15 anos de exist\u00eancia. Ela nasceu na Primeira Travessa do Gravat\u00e1, no bairro de Itapu\u00e3, quando cinco amigos se uniram para ensinar percuss\u00e3o a jovens da comunidade. Pouco tempo depois, surgiu a ideia de nomear uma porta-bandeira e um mestre-sala e [&hellip;]\" \/>\n<meta property=\"og:url\" content=\"https:\/\/www.salvadordabahia.com\/capitalafro\/destaques\/escola-de-samba-unidos-de-itapua\/\" \/>\n<meta property=\"og:site_name\" content=\"Salvador Capital Afro\" \/>\n<meta property=\"article:modified_time\" content=\"2023-06-16T12:26:16+00:00\" \/>\n<meta property=\"og:image\" content=\"https:\/\/www.salvadordabahia.com\/capitalafro\/wp-content\/uploads\/2023\/05\/Escola-de-Samba-Unidos-de-Itapua.-Destaques.-Foto-divulgacao.jpeg\" \/>\n\t<meta property=\"og:image:width\" content=\"1079\" \/>\n\t<meta property=\"og:image:height\" content=\"783\" \/>\n\t<meta property=\"og:image:type\" content=\"image\/jpeg\" \/>\n<meta name=\"twitter:card\" content=\"summary_large_image\" \/>\n<meta name=\"twitter:label1\" content=\"Est. tempo de leitura\" \/>\n\t<meta name=\"twitter:data1\" content=\"2 minutos\" \/>\n<script type=\"application\/ld+json\" class=\"yoast-schema-graph\">{\"@context\":\"https:\/\/schema.org\",\"@graph\":[{\"@type\":\"WebPage\",\"@id\":\"https:\/\/www.salvadordabahia.com\/capitalafro\/destaques\/escola-de-samba-unidos-de-itapua\/\",\"url\":\"https:\/\/www.salvadordabahia.com\/capitalafro\/destaques\/escola-de-samba-unidos-de-itapua\/\",\"name\":\"Escola de Samba Unidos de Itapu\u00e3 - Salvador Capital Afro\",\"isPartOf\":{\"@id\":\"https:\/\/www.salvadordabahia.com\/capitalafro\/#website\"},\"datePublished\":\"2023-06-15T21:17:35+00:00\",\"dateModified\":\"2023-06-16T12:26:16+00:00\",\"breadcrumb\":{\"@id\":\"https:\/\/www.salvadordabahia.com\/capitalafro\/destaques\/escola-de-samba-unidos-de-itapua\/#breadcrumb\"},\"inLanguage\":\"pt-BR\",\"potentialAction\":[{\"@type\":\"ReadAction\",\"target\":[\"https:\/\/www.salvadordabahia.com\/capitalafro\/destaques\/escola-de-samba-unidos-de-itapua\/\"]}]},{\"@type\":\"BreadcrumbList\",\"@id\":\"https:\/\/www.salvadordabahia.com\/capitalafro\/destaques\/escola-de-samba-unidos-de-itapua\/#breadcrumb\",\"itemListElement\":[{\"@type\":\"ListItem\",\"position\":1,\"name\":\"In\u00edcio\",\"item\":\"https:\/\/www.salvadordabahia.com\/capitalafro\/\"},{\"@type\":\"ListItem\",\"position\":2,\"name\":\"Destaques\",\"item\":\"https:\/\/www.salvadordabahia.com\/capitalafro\/destaques\/\"},{\"@type\":\"ListItem\",\"position\":3,\"name\":\"Escola de Samba Unidos de Itapu\u00e3\"}]},{\"@type\":\"WebSite\",\"@id\":\"https:\/\/www.salvadordabahia.com\/capitalafro\/#website\",\"url\":\"https:\/\/www.salvadordabahia.com\/capitalafro\/\",\"name\":\"Salvador Capital Afro\",\"description\":\"\",\"potentialAction\":[{\"@type\":\"SearchAction\",\"target\":{\"@type\":\"EntryPoint\",\"urlTemplate\":\"https:\/\/www.salvadordabahia.com\/capitalafro\/?s={search_term_string}\"},\"query-input\":\"required name=search_term_string\"}],\"inLanguage\":\"pt-BR\"}]}<\/script>\n<!-- \/ Yoast SEO plugin. -->","yoast_head_json":{"title":"Escola de Samba Unidos de Itapu\u00e3 - Salvador Capital Afro","robots":{"index":"index","follow":"follow","max-snippet":"max-snippet:-1","max-image-preview":"max-image-preview:large","max-video-preview":"max-video-preview:-1"},"canonical":"https:\/\/www.salvadordabahia.com\/capitalafro\/destaques\/escola-de-samba-unidos-de-itapua\/","og_locale":"pt_BR","og_type":"article","og_title":"Escola de Samba Unidos de Itapu\u00e3 - Salvador Capital Afro","og_description":"Na terra do trio el\u00e9trico, a Escola de Samba Unidos de Itapu\u00e3 j\u00e1 tem 15 anos de exist\u00eancia. Ela nasceu na Primeira Travessa do Gravat\u00e1, no bairro de Itapu\u00e3, quando cinco amigos se uniram para ensinar percuss\u00e3o a jovens da comunidade. Pouco tempo depois, surgiu a ideia de nomear uma porta-bandeira e um mestre-sala e [&hellip;]","og_url":"https:\/\/www.salvadordabahia.com\/capitalafro\/destaques\/escola-de-samba-unidos-de-itapua\/","og_site_name":"Salvador Capital Afro","article_modified_time":"2023-06-16T12:26:16+00:00","og_image":[{"width":1079,"height":783,"url":"https:\/\/www.salvadordabahia.com\/capitalafro\/wp-content\/uploads\/2023\/05\/Escola-de-Samba-Unidos-de-Itapua.-Destaques.-Foto-divulgacao.jpeg","type":"image\/jpeg"}],"twitter_card":"summary_large_image","twitter_misc":{"Est. tempo de leitura":"2 minutos"},"schema":{"@context":"https:\/\/schema.org","@graph":[{"@type":"WebPage","@id":"https:\/\/www.salvadordabahia.com\/capitalafro\/destaques\/escola-de-samba-unidos-de-itapua\/","url":"https:\/\/www.salvadordabahia.com\/capitalafro\/destaques\/escola-de-samba-unidos-de-itapua\/","name":"Escola de Samba Unidos de Itapu\u00e3 - Salvador Capital Afro","isPartOf":{"@id":"https:\/\/www.salvadordabahia.com\/capitalafro\/#website"},"datePublished":"2023-06-15T21:17:35+00:00","dateModified":"2023-06-16T12:26:16+00:00","breadcrumb":{"@id":"https:\/\/www.salvadordabahia.com\/capitalafro\/destaques\/escola-de-samba-unidos-de-itapua\/#breadcrumb"},"inLanguage":"pt-BR","potentialAction":[{"@type":"ReadAction","target":["https:\/\/www.salvadordabahia.com\/capitalafro\/destaques\/escola-de-samba-unidos-de-itapua\/"]}]},{"@type":"BreadcrumbList","@id":"https:\/\/www.salvadordabahia.com\/capitalafro\/destaques\/escola-de-samba-unidos-de-itapua\/#breadcrumb","itemListElement":[{"@type":"ListItem","position":1,"name":"In\u00edcio","item":"https:\/\/www.salvadordabahia.com\/capitalafro\/"},{"@type":"ListItem","position":2,"name":"Destaques","item":"https:\/\/www.salvadordabahia.com\/capitalafro\/destaques\/"},{"@type":"ListItem","position":3,"name":"Escola de Samba Unidos de Itapu\u00e3"}]},{"@type":"WebSite","@id":"https:\/\/www.salvadordabahia.com\/capitalafro\/#website","url":"https:\/\/www.salvadordabahia.com\/capitalafro\/","name":"Salvador Capital Afro","description":"","potentialAction":[{"@type":"SearchAction","target":{"@type":"EntryPoint","urlTemplate":"https:\/\/www.salvadordabahia.com\/capitalafro\/?s={search_term_string}"},"query-input":"required name=search_term_string"}],"inLanguage":"pt-BR"}]}},"_links":{"self":[{"href":"https:\/\/www.salvadordabahia.com\/capitalafro\/wp-json\/wp\/v2\/destaques\/1170"}],"collection":[{"href":"https:\/\/www.salvadordabahia.com\/capitalafro\/wp-json\/wp\/v2\/destaques"}],"about":[{"href":"https:\/\/www.salvadordabahia.com\/capitalafro\/wp-json\/wp\/v2\/types\/destaques"}],"wp:featuredmedia":[{"embeddable":true,"href":"https:\/\/www.salvadordabahia.com\/capitalafro\/wp-json\/wp\/v2\/media\/1235"}],"wp:attachment":[{"href":"https:\/\/www.salvadordabahia.com\/capitalafro\/wp-json\/wp\/v2\/media?parent=1170"}],"wp:term":[{"taxonomy":"tipos","embeddable":true,"href":"https:\/\/www.salvadordabahia.com\/capitalafro\/wp-json\/wp\/v2\/tipos?post=1170"}],"curies":[{"name":"wp","href":"https:\/\/api.w.org\/{rel}","templated":true}]}}

Escola de Samba Unidos de Itapuã

<p>Na terra do trio elétrico, a Escola de Samba Unidos de Itapuã já tem 15 anos de existência. Ela nasceu na Primeira Travessa do Gravatá, no bairro de Itapuã, quando cinco amigos se uniram para ensinar percussão a jovens da comunidade. Pouco tempo depois, surgiu a ideia de nomear uma porta-bandeira e um mestre-sala e fazer um arrastão na região do Abaeté. Foi assim que a então associação cultural acabou se tornando também uma escola de samba.</p>
<p>Em uma comunidade rica culturalmente e por onde já passaram grandes nomes da música baiana, a Unidos de Itapuã faz um resgate da tradição das agremiações de samba em Salvador, prática que tinha muito destaque entre as décadas de 1960 e 1970, mas foi ficando mais rara com a chegada dos trios elétricos. Esse foi, inclusive, o tema do samba-enredo em 2019: “Escola de Samba na Bahia: do nascimento ao renascimento”.</p>
<p>Sua música contagiante, que mistura samba, reggae e outros ritmos afro-brasileiros, já rendeu à escola apresentações em shows de artistas como Mariene de Castro, Juliana Ribeiro, Bailinho de Quinta e Barlavento. A escola participa da folia momesca no Pelourinho, de festas públicas e privadas e da tradicional Lavagem de Itapuã. Além disso, durante todo o ano realiza ensaios na Praça Dorival Caymmi, festivais para escolha do samba-enredo, oficinas e cursos de música para adultos e crianças.</p>
<h3>Serviço</h3>
<p><strong>Escola de Samba Unidos de Itapuã</strong><br />
Endereço: Primeira Travessa do Gravatá, 10A – Itapuã.<br />
Instagram: <a href="https://www.instagram.com/unidosdeitapuaoficial/" target="_blank" rel="noopener">@unidosdeitapuaoficial</a><br />
E-mail: unidosdeitapua@gmail.com<br />
Telefones: (71) 98847-3723 / 98709-3916<br />
Facebook: www.facebook.com/unidosdeitapua/</p>

<!-- This site is optimized with the Yoast SEO plugin v21.5 - https://yoast.com/wordpress/plugins/seo/ -->
<title>Escola de Samba Unidos de Itapuã - Salvador Capital Afro</title>
<meta name="robots" content="index, follow, max-snippet:-1, max-image-preview:large, max-video-preview:-1" />
<link rel="canonical" href="https://www.salvadordabahia.com/capitalafro/destaques/escola-de-samba-unidos-de-itapua/" />
<meta property="og:locale" content="pt_BR" />
<meta property="og:type" content="article" />
<meta property="og:title" content="Escola de Samba Unidos de Itapuã - Salvador Capital Afro" />
<meta property="og:description" content="Na terra do trio elétrico, a Escola de Samba Unidos de Itapuã já tem 15 anos de existência. Ela nasceu na Primeira Travessa do Gravatá, no bairro de Itapuã, quando cinco amigos se uniram para ensinar percussão a jovens da comunidade. Pouco tempo depois, surgiu a ideia de nomear uma porta-bandeira e um mestre-sala e [&hellip;]" />
<meta property="og:url" content="https://www.salvadordabahia.com/capitalafro/destaques/escola-de-samba-unidos-de-itapua/" />
<meta property="og:site_name" content="Salvador Capital Afro" />
<meta property="article:modified_time" content="2023-06-16T12:26:16+00:00" />
<meta property="og:image" content="https://www.salvadordabahia.com/capitalafro/wp-content/uploads/2023/05/Escola-de-Samba-Unidos-de-Itapua.-Destaques.-Foto-divulgacao.jpeg" />
	<meta property="og:image:width" content="1079" />
	<meta property="og:image:height" content="783" />
	<meta property="og:image:type" content="image/jpeg" />
<meta name="twitter:card" content="summary_large_image" />
<meta name="twitter:label1" content="Est. tempo de leitura" />
	<meta name="twitter:data1" content="2 minutos" />
<script type="application/ld+json" class="yoast-schema-graph">{"@context":"https://schema.org","@graph":[{"@type":"WebPage","@id":"https://www.salvadordabahia.com/capitalafro/destaques/escola-de-samba-unidos-de-itapua/","url":"https://www.salvadordabahia.com/capitalafro/destaques/escola-de-samba-unidos-de-itapua/","name":"Escola de Samba Unidos de Itapuã - Salvador Capital Afro","isPartOf":{"@id":"https://www.salvadordabahia.com/capitalafro/#website"},"datePublished":"2023-06-15T21:17:35+00:00","dateModified":"2023-06-16T12:26:16+00:00","breadcrumb":{"@id":"https://www.salvadordabahia.com/capitalafro/destaques/escola-de-samba-unidos-de-itapua/#breadcrumb"},"inLanguage":"pt-BR","potentialAction":[{"@type":"ReadAction","target":["https://www.salvadordabahia.com/capitalafro/destaques/escola-de-samba-unidos-de-itapua/"]}]},{"@type":"BreadcrumbList","@id":"https://www.salvadordabahia.com/capitalafro/destaques/escola-de-samba-unidos-de-itapua/#breadcrumb","itemListElement":[{"@type":"ListItem","position":1,"name":"Início","item":"https://www.salvadordabahia.com/capitalafro/"},{"@type":"ListItem","position":2,"name":"Destaques","item":"https://www.salvadordabahia.com/capitalafro/destaques/"},{"@type":"ListItem","position":3,"name":"Escola de Samba Unidos de Itapuã"}]},{"@type":"WebSite","@id":"https://www.salvadordabahia.com/capitalafro/#website","url":"https://www.salvadordabahia.com/capitalafro/","name":"Salvador Capital Afro","description":"","potentialAction":[{"@type":"SearchAction","target":{"@type":"EntryPoint","urlTemplate":"https://www.salvadordabahia.com/capitalafro/?s={search_term_string}"},"query-input":"required name=search_term_string"}],"inLanguage":"pt-BR"}]}</script>
<!-- / Yoast SEO plugin. -->

Escola de Samba Unidos de Itapuã - Salvador Capital Afro

Na terra do trio elétrico, a Escola de Samba Unidos de Itapuã já tem 15 anos de existência. Ela nasceu na Primeira Travessa do Gravatá, no bairro de Itapuã, quando cinco amigos se uniram para ensinar percussão a jovens da comunidade. Pouco tempo depois, surgiu a ideia de nomear uma porta-bandeira e um mestre-sala e [&hellip;]

Início
