{"id":1140,"date":"2023-06-05T20:29:54","date_gmt":"2023-06-05T20:29:54","guid":{"rendered":"https:\/\/salvadordabahia.com\/capitalafro\/?post_type=destaques&#038;p=1140"},"modified":"2023-06-16T09:26:43","modified_gmt":"2023-06-16T12:26:43","slug":"casa-de-ogun-okuta-de-ogun","status":"publish","type":"destaques","link":"https:\/\/www.salvadordabahia.com\/capitalafro\/destaques\/casa-de-ogun-okuta-de-ogun\/","title":{"rendered":"Casa de \u00d2g\u00fan \u2013 Okut\u00e1 de \u00d2g\u00fan"},"content":{"rendered":"<h2 style=\"text-align: center;\">Patrim\u00f4nio hist\u00f3rico de Salvador<\/h2>\n<p>\u00danico espa\u00e7o religioso de culto a Ogum no Brasil, o templo Okut\u00e1 de \u00d2g\u00fan mant\u00e9m o respeito \u00e0 originalidade dos ritos de \u00c1frica ao orix\u00e1 guerreiro, em caminhos de di\u00e1spora. O terreiro \u00e9 tradicional e foi fundado no bairro do Candeal, onde resiste h\u00e1 mais de dois s\u00e9culos. Hoje, o Okut\u00e1 de \u00d2g\u00fan \u00e9 um patrim\u00f4nio hist\u00f3rico de Salvador e tornou-se o terceiro terreiro tombado na capital baiana, em 2022.<\/p>\n<p>Esse tombamento do templo religioso foi feito a pedido da Associa\u00e7\u00e3o Brasileira de Preserva\u00e7\u00e3o da Cultura Afro-Amer\u00edndia, que reconhece a import\u00e2ncia da Casa de Ogum na garantia da manuten\u00e7\u00e3o e salvaguarda das religi\u00f5es de matriz africana, por meio de seus cultos. A exist\u00eancia do Okut\u00e1 de \u00d2g\u00fan \u00e9 parte importante no papel de manuten\u00e7\u00e3o do candombl\u00e9 em Salvador.<\/p>\n<p>A tradi\u00e7\u00e3o de Okut\u00e1 de \u00d2g\u00fan \u00e9 mantida desde que a sacerdotisa nigeriana batizada no Brasil como Josepha fez a compra do terreno e come\u00e7ou a casa ao lado de um negro liberto, batizado de Ant\u00f4nio, natural da Costa do Marfim. Agora, sob a lideran\u00e7a da ialorix\u00e1 centen\u00e1ria Dona Didi, a Casa de Ogum tem forte influ\u00eancia na forma\u00e7\u00e3o religiosa e coletiva do Candeal.<\/p>\n<h3>Servi\u00e7o<\/h3>\n<p><strong>Casa de \u00d2g\u00fan \u2013 Okut\u00e1 de \u00d2g\u00fan<\/strong><br \/>\nEndere\u00e7o: Pra\u00e7a Alceb\u00edades Damasceno, n\u00ba 131 \u2013 Candeal<\/p>\n","protected":false},"featured_media":1311,"template":"","tipos":[141],"acf":[],"yoast_head":"<!-- This site is optimized with the Yoast SEO plugin v21.5 - https:\/\/yoast.com\/wordpress\/plugins\/seo\/ -->\n<title>Casa de \u00d2g\u00fan \u2013 Okut\u00e1 de \u00d2g\u00fan - Salvador Capital Afro<\/title>\n<meta name=\"robots\" content=\"index, follow, max-snippet:-1, max-image-preview:large, max-video-preview:-1\" \/>\n<link rel=\"canonical\" href=\"https:\/\/www.salvadordabahia.com\/capitalafro\/destaques\/casa-de-ogun-okuta-de-ogun\/\" \/>\n<meta property=\"og:locale\" content=\"pt_BR\" \/>\n<meta property=\"og:type\" content=\"article\" \/>\n<meta property=\"og:title\" content=\"Casa de \u00d2g\u00fan \u2013 Okut\u00e1 de \u00d2g\u00fan - Salvador Capital Afro\" \/>\n<meta property=\"og:description\" content=\"Patrim\u00f4nio hist\u00f3rico de Salvador \u00danico espa\u00e7o religioso de culto a Ogum no Brasil, o templo Okut\u00e1 de \u00d2g\u00fan mant\u00e9m o respeito \u00e0 originalidade dos ritos de \u00c1frica ao orix\u00e1 guerreiro, em caminhos de di\u00e1spora. O terreiro \u00e9 tradicional e foi fundado no bairro do Candeal, onde resiste h\u00e1 mais de dois s\u00e9culos. Hoje, o Okut\u00e1 [&hellip;]\" \/>\n<meta property=\"og:url\" content=\"https:\/\/www.salvadordabahia.com\/capitalafro\/destaques\/casa-de-ogun-okuta-de-ogun\/\" \/>\n<meta property=\"og:site_name\" content=\"Salvador Capital Afro\" \/>\n<meta property=\"article:modified_time\" content=\"2023-06-16T12:26:43+00:00\" \/>\n<meta property=\"og:image\" content=\"https:\/\/www.salvadordabahia.com\/capitalafro\/wp-content\/uploads\/2023\/05\/CASA-DE-OGUN.-Destaques.-Foto-Matheus-Leite-scaled.jpg\" \/>\n\t<meta property=\"og:image:width\" content=\"2560\" \/>\n\t<meta property=\"og:image:height\" content=\"1707\" \/>\n\t<meta property=\"og:image:type\" content=\"image\/jpeg\" \/>\n<meta name=\"twitter:card\" content=\"summary_large_image\" \/>\n<meta name=\"twitter:label1\" content=\"Est. tempo de leitura\" \/>\n\t<meta name=\"twitter:data1\" content=\"2 minutos\" \/>\n<script type=\"application\/ld+json\" class=\"yoast-schema-graph\">{\"@context\":\"https:\/\/schema.org\",\"@graph\":[{\"@type\":\"WebPage\",\"@id\":\"https:\/\/www.salvadordabahia.com\/capitalafro\/destaques\/casa-de-ogun-okuta-de-ogun\/\",\"url\":\"https:\/\/www.salvadordabahia.com\/capitalafro\/destaques\/casa-de-ogun-okuta-de-ogun\/\",\"name\":\"Casa de \u00d2g\u00fan \u2013 Okut\u00e1 de \u00d2g\u00fan - Salvador Capital Afro\",\"isPartOf\":{\"@id\":\"https:\/\/www.salvadordabahia.com\/capitalafro\/#website\"},\"datePublished\":\"2023-06-05T20:29:54+00:00\",\"dateModified\":\"2023-06-16T12:26:43+00:00\",\"breadcrumb\":{\"@id\":\"https:\/\/www.salvadordabahia.com\/capitalafro\/destaques\/casa-de-ogun-okuta-de-ogun\/#breadcrumb\"},\"inLanguage\":\"pt-BR\",\"potentialAction\":[{\"@type\":\"ReadAction\",\"target\":[\"https:\/\/www.salvadordabahia.com\/capitalafro\/destaques\/casa-de-ogun-okuta-de-ogun\/\"]}]},{\"@type\":\"BreadcrumbList\",\"@id\":\"https:\/\/www.salvadordabahia.com\/capitalafro\/destaques\/casa-de-ogun-okuta-de-ogun\/#breadcrumb\",\"itemListElement\":[{\"@type\":\"ListItem\",\"position\":1,\"name\":\"In\u00edcio\",\"item\":\"https:\/\/www.salvadordabahia.com\/capitalafro\/\"},{\"@type\":\"ListItem\",\"position\":2,\"name\":\"Destaques\",\"item\":\"https:\/\/www.salvadordabahia.com\/capitalafro\/destaques\/\"},{\"@type\":\"ListItem\",\"position\":3,\"name\":\"Casa de \u00d2g\u00fan \u2013 Okut\u00e1 de \u00d2g\u00fan\"}]},{\"@type\":\"WebSite\",\"@id\":\"https:\/\/www.salvadordabahia.com\/capitalafro\/#website\",\"url\":\"https:\/\/www.salvadordabahia.com\/capitalafro\/\",\"name\":\"Salvador Capital Afro\",\"description\":\"\",\"potentialAction\":[{\"@type\":\"SearchAction\",\"target\":{\"@type\":\"EntryPoint\",\"urlTemplate\":\"https:\/\/www.salvadordabahia.com\/capitalafro\/?s={search_term_string}\"},\"query-input\":\"required name=search_term_string\"}],\"inLanguage\":\"pt-BR\"}]}<\/script>\n<!-- \/ Yoast SEO plugin. -->","yoast_head_json":{"title":"Casa de \u00d2g\u00fan \u2013 Okut\u00e1 de \u00d2g\u00fan - Salvador Capital Afro","robots":{"index":"index","follow":"follow","max-snippet":"max-snippet:-1","max-image-preview":"max-image-preview:large","max-video-preview":"max-video-preview:-1"},"canonical":"https:\/\/www.salvadordabahia.com\/capitalafro\/destaques\/casa-de-ogun-okuta-de-ogun\/","og_locale":"pt_BR","og_type":"article","og_title":"Casa de \u00d2g\u00fan \u2013 Okut\u00e1 de \u00d2g\u00fan - Salvador Capital Afro","og_description":"Patrim\u00f4nio hist\u00f3rico de Salvador \u00danico espa\u00e7o religioso de culto a Ogum no Brasil, o templo Okut\u00e1 de \u00d2g\u00fan mant\u00e9m o respeito \u00e0 originalidade dos ritos de \u00c1frica ao orix\u00e1 guerreiro, em caminhos de di\u00e1spora. O terreiro \u00e9 tradicional e foi fundado no bairro do Candeal, onde resiste h\u00e1 mais de dois s\u00e9culos. Hoje, o Okut\u00e1 [&hellip;]","og_url":"https:\/\/www.salvadordabahia.com\/capitalafro\/destaques\/casa-de-ogun-okuta-de-ogun\/","og_site_name":"Salvador Capital Afro","article_modified_time":"2023-06-16T12:26:43+00:00","og_image":[{"width":2560,"height":1707,"url":"https:\/\/www.salvadordabahia.com\/capitalafro\/wp-content\/uploads\/2023\/05\/CASA-DE-OGUN.-Destaques.-Foto-Matheus-Leite-scaled.jpg","type":"image\/jpeg"}],"twitter_card":"summary_large_image","twitter_misc":{"Est. tempo de leitura":"2 minutos"},"schema":{"@context":"https:\/\/schema.org","@graph":[{"@type":"WebPage","@id":"https:\/\/www.salvadordabahia.com\/capitalafro\/destaques\/casa-de-ogun-okuta-de-ogun\/","url":"https:\/\/www.salvadordabahia.com\/capitalafro\/destaques\/casa-de-ogun-okuta-de-ogun\/","name":"Casa de \u00d2g\u00fan \u2013 Okut\u00e1 de \u00d2g\u00fan - Salvador Capital Afro","isPartOf":{"@id":"https:\/\/www.salvadordabahia.com\/capitalafro\/#website"},"datePublished":"2023-06-05T20:29:54+00:00","dateModified":"2023-06-16T12:26:43+00:00","breadcrumb":{"@id":"https:\/\/www.salvadordabahia.com\/capitalafro\/destaques\/casa-de-ogun-okuta-de-ogun\/#breadcrumb"},"inLanguage":"pt-BR","potentialAction":[{"@type":"ReadAction","target":["https:\/\/www.salvadordabahia.com\/capitalafro\/destaques\/casa-de-ogun-okuta-de-ogun\/"]}]},{"@type":"BreadcrumbList","@id":"https:\/\/www.salvadordabahia.com\/capitalafro\/destaques\/casa-de-ogun-okuta-de-ogun\/#breadcrumb","itemListElement":[{"@type":"ListItem","position":1,"name":"In\u00edcio","item":"https:\/\/www.salvadordabahia.com\/capitalafro\/"},{"@type":"ListItem","position":2,"name":"Destaques","item":"https:\/\/www.salvadordabahia.com\/capitalafro\/destaques\/"},{"@type":"ListItem","position":3,"name":"Casa de \u00d2g\u00fan \u2013 Okut\u00e1 de \u00d2g\u00fan"}]},{"@type":"WebSite","@id":"https:\/\/www.salvadordabahia.com\/capitalafro\/#website","url":"https:\/\/www.salvadordabahia.com\/capitalafro\/","name":"Salvador Capital Afro","description":"","potentialAction":[{"@type":"SearchAction","target":{"@type":"EntryPoint","urlTemplate":"https:\/\/www.salvadordabahia.com\/capitalafro\/?s={search_term_string}"},"query-input":"required name=search_term_string"}],"inLanguage":"pt-BR"}]}},"_links":{"self":[{"href":"https:\/\/www.salvadordabahia.com\/capitalafro\/wp-json\/wp\/v2\/destaques\/1140"}],"collection":[{"href":"https:\/\/www.salvadordabahia.com\/capitalafro\/wp-json\/wp\/v2\/destaques"}],"about":[{"href":"https:\/\/www.salvadordabahia.com\/capitalafro\/wp-json\/wp\/v2\/types\/destaques"}],"wp:featuredmedia":[{"embeddable":true,"href":"https:\/\/www.salvadordabahia.com\/capitalafro\/wp-json\/wp\/v2\/media\/1311"}],"wp:attachment":[{"href":"https:\/\/www.salvadordabahia.com\/capitalafro\/wp-json\/wp\/v2\/media?parent=1140"}],"wp:term":[{"taxonomy":"tipos","embeddable":true,"href":"https:\/\/www.salvadordabahia.com\/capitalafro\/wp-json\/wp\/v2\/tipos?post=1140"}],"curies":[{"name":"wp","href":"https:\/\/api.w.org\/{rel}","templated":true}]}}

Casa de Ògún – Okutá de Ògún

<h2 style="text-align: center;">Patrimônio histórico de Salvador</h2>
<p>Único espaço religioso de culto a Ogum no Brasil, o templo Okutá de Ògún mantém o respeito à originalidade dos ritos de África ao orixá guerreiro, em caminhos de diáspora. O terreiro é tradicional e foi fundado no bairro do Candeal, onde resiste há mais de dois séculos. Hoje, o Okutá de Ògún é um patrimônio histórico de Salvador e tornou-se o terceiro terreiro tombado na capital baiana, em 2022.</p>
<p>Esse tombamento do templo religioso foi feito a pedido da Associação Brasileira de Preservação da Cultura Afro-Ameríndia, que reconhece a importância da Casa de Ogum na garantia da manutenção e salvaguarda das religiões de matriz africana, por meio de seus cultos. A existência do Okutá de Ògún é parte importante no papel de manutenção do candomblé em Salvador.</p>
<p>A tradição de Okutá de Ògún é mantida desde que a sacerdotisa nigeriana batizada no Brasil como Josepha fez a compra do terreno e começou a casa ao lado de um negro liberto, batizado de Antônio, natural da Costa do Marfim. Agora, sob a liderança da ialorixá centenária Dona Didi, a Casa de Ogum tem forte influência na formação religiosa e coletiva do Candeal.</p>
<h3>Serviço</h3>
<p><strong>Casa de Ògún – Okutá de Ògún</strong><br />
Endereço: Praça Alcebíades Damasceno, nº 131 – Candeal</p>

<!-- This site is optimized with the Yoast SEO plugin v21.5 - https://yoast.com/wordpress/plugins/seo/ -->
<title>Casa de Ògún – Okutá de Ògún - Salvador Capital Afro</title>
<meta name="robots" content="index, follow, max-snippet:-1, max-image-preview:large, max-video-preview:-1" />
<link rel="canonical" href="https://www.salvadordabahia.com/capitalafro/destaques/casa-de-ogun-okuta-de-ogun/" />
<meta property="og:locale" content="pt_BR" />
<meta property="og:type" content="article" />
<meta property="og:title" content="Casa de Ògún – Okutá de Ògún - Salvador Capital Afro" />
<meta property="og:description" content="Patrimônio histórico de Salvador Único espaço religioso de culto a Ogum no Brasil, o templo Okutá de Ògún mantém o respeito à originalidade dos ritos de África ao orixá guerreiro, em caminhos de diáspora. O terreiro é tradicional e foi fundado no bairro do Candeal, onde resiste há mais de dois séculos. Hoje, o Okutá [&hellip;]" />
<meta property="og:url" content="https://www.salvadordabahia.com/capitalafro/destaques/casa-de-ogun-okuta-de-ogun/" />
<meta property="og:site_name" content="Salvador Capital Afro" />
<meta property="article:modified_time" content="2023-06-16T12:26:43+00:00" />
<meta property="og:image" content="https://www.salvadordabahia.com/capitalafro/wp-content/uploads/2023/05/CASA-DE-OGUN.-Destaques.-Foto-Matheus-Leite-scaled.jpg" />
	<meta property="og:image:width" content="2560" />
	<meta property="og:image:height" content="1707" />
	<meta property="og:image:type" content="image/jpeg" />
<meta name="twitter:card" content="summary_large_image" />
<meta name="twitter:label1" content="Est. tempo de leitura" />
	<meta name="twitter:data1" content="2 minutos" />
<script type="application/ld+json" class="yoast-schema-graph">{"@context":"https://schema.org","@graph":[{"@type":"WebPage","@id":"https://www.salvadordabahia.com/capitalafro/destaques/casa-de-ogun-okuta-de-ogun/","url":"https://www.salvadordabahia.com/capitalafro/destaques/casa-de-ogun-okuta-de-ogun/","name":"Casa de Ògún – Okutá de Ògún - Salvador Capital Afro","isPartOf":{"@id":"https://www.salvadordabahia.com/capitalafro/#website"},"datePublished":"2023-06-05T20:29:54+00:00","dateModified":"2023-06-16T12:26:43+00:00","breadcrumb":{"@id":"https://www.salvadordabahia.com/capitalafro/destaques/casa-de-ogun-okuta-de-ogun/#breadcrumb"},"inLanguage":"pt-BR","potentialAction":[{"@type":"ReadAction","target":["https://www.salvadordabahia.com/capitalafro/destaques/casa-de-ogun-okuta-de-ogun/"]}]},{"@type":"BreadcrumbList","@id":"https://www.salvadordabahia.com/capitalafro/destaques/casa-de-ogun-okuta-de-ogun/#breadcrumb","itemListElement":[{"@type":"ListItem","position":1,"name":"Início","item":"https://www.salvadordabahia.com/capitalafro/"},{"@type":"ListItem","position":2,"name":"Destaques","item":"https://www.salvadordabahia.com/capitalafro/destaques/"},{"@type":"ListItem","position":3,"name":"Casa de Ògún – Okutá de Ògún"}]},{"@type":"WebSite","@id":"https://www.salvadordabahia.com/capitalafro/#website","url":"https://www.salvadordabahia.com/capitalafro/","name":"Salvador Capital Afro","description":"","potentialAction":[{"@type":"SearchAction","target":{"@type":"EntryPoint","urlTemplate":"https://www.salvadordabahia.com/capitalafro/?s={search_term_string}"},"query-input":"required name=search_term_string"}],"inLanguage":"pt-BR"}]}</script>
<!-- / Yoast SEO plugin. -->

Casa de Ògún – Okutá de Ògún - Salvador Capital Afro

Patrimônio histórico de Salvador Único espaço religioso de culto a Ogum no Brasil, o templo Okutá de Ògún mantém o respeito à originalidade dos ritos de África ao orixá guerreiro, em caminhos de diáspora. O terreiro é tradicional e foi fundado no bairro do Candeal, onde resiste há mais de dois séculos. Hoje, o Okutá [&hellip;]

Início
