{"id":1124,"date":"2023-06-15T21:17:30","date_gmt":"2023-06-15T21:17:30","guid":{"rendered":"https:\/\/salvadordabahia.com\/capitalafro\/?post_type=destaques&#038;p=1124"},"modified":"2023-06-16T09:26:18","modified_gmt":"2023-06-16T12:26:18","slug":"ewa-moda-africana","status":"publish","type":"destaques","link":"https:\/\/www.salvadordabahia.com\/capitalafro\/destaques\/ewa-moda-africana\/","title":{"rendered":"Ewa Moda Africana"},"content":{"rendered":"<h2 style=\"text-align: center;\">Uma das primeiras lojas de moda no Centro Hist\u00f3rico de Salvador<\/h2>\n<p>A Ewa Moda Africana \u00e9 uma marca de Salvador com ra\u00edzes na \u00c1frica, precisamente na Nig\u00e9ria. H\u00e1 mais de 20 anos, uma das primeiras lojas de moda no Centro Hist\u00f3rico de Salvador, no Pelourinho, leva a reafirma\u00e7\u00e3o da est\u00e9tica preta como forma de incrementar a cultura e a arte do continente africano.<\/p>\n<p>Ap\u00f3s se consolidar como refer\u00eancia no com\u00e9rcio de produtos especializados, a Ewa virou marca e passou a comercializar artigos pr\u00f3prios, como roupas e tecidos t\u00edpicos dos pa\u00edses da \u00c1frica, tanto na forma de pe\u00e7as casuais quanto na forma de indument\u00e1rias, para ocasi\u00f5es especiais. Utilizando desde tecidos com estampas v\u00edvidas e multicoloridas, a brocados detalhados e mais formais, confeccionados em materiais nobres, a Ewa entrega pe\u00e7as com qualidade, carregadas com a heran\u00e7a africana para os seus consumidores.<\/p>\n<p>O cat\u00e1logo da marca \u00e9 variado e oferece roupas para todos os g\u00eaneros. S\u00e3o joias, acess\u00f3rios, artesanatos e trajes da moda africana. Al\u00e9m da loja f\u00edsica, a marca tamb\u00e9m mant\u00e9m um site na internet, onde \u00e9 poss\u00edvel fazer compras de qualquer lugar do Brasil. A Ewa tem como refer\u00eancia pessoas importantes das religi\u00f5es de matriz africana, como as ialorix\u00e1s M\u00e3e Menininha do Gantois e M\u00e3e Stella de Ox\u00f3ssi, entre outras figuras de destaque para a cultura afro-brasileira.<\/p>\n<h3>Servi\u00e7o<\/h3>\n<p><strong>Ewa Moda Africana<\/strong><br \/>\nEndere\u00e7o: Pra\u00e7a da S\u00e9, n\u00ba 4 \u2013 Pelourinho, Salvador-BA<br \/>\nInstagram: <a href=\"https:\/\/www.instagram.com\/abitoksewamoda\/\" target=\"_blank\" rel=\"noopener\">@abitoksewamoda<\/a><br \/>\nSite: <a href=\"https:\/\/www.ewamodaafricana.com.br\/\" target=\"_blank\" rel=\"noopener\">www.ewamodaafricana.com.br<\/a><br \/>\nContatos: (71) 98543-0097 \/ (71) 98856-9977<br \/>\nE-mail: ewamobitoks@hotmail.com<\/p>\n","protected":false},"featured_media":1236,"template":"","tipos":[140],"acf":[],"yoast_head":"<!-- This site is optimized with the Yoast SEO plugin v21.5 - https:\/\/yoast.com\/wordpress\/plugins\/seo\/ -->\n<title>Ewa Moda Africana - Salvador Capital Afro<\/title>\n<meta name=\"robots\" content=\"index, follow, max-snippet:-1, max-image-preview:large, max-video-preview:-1\" \/>\n<link rel=\"canonical\" href=\"https:\/\/www.salvadordabahia.com\/capitalafro\/destaques\/ewa-moda-africana\/\" \/>\n<meta property=\"og:locale\" content=\"pt_BR\" \/>\n<meta property=\"og:type\" content=\"article\" \/>\n<meta property=\"og:title\" content=\"Ewa Moda Africana - Salvador Capital Afro\" \/>\n<meta property=\"og:description\" content=\"Uma das primeiras lojas de moda no Centro Hist\u00f3rico de Salvador A Ewa Moda Africana \u00e9 uma marca de Salvador com ra\u00edzes na \u00c1frica, precisamente na Nig\u00e9ria. H\u00e1 mais de 20 anos, uma das primeiras lojas de moda no Centro Hist\u00f3rico de Salvador, no Pelourinho, leva a reafirma\u00e7\u00e3o da est\u00e9tica preta como forma de incrementar [&hellip;]\" \/>\n<meta property=\"og:url\" content=\"https:\/\/www.salvadordabahia.com\/capitalafro\/destaques\/ewa-moda-africana\/\" \/>\n<meta property=\"og:site_name\" content=\"Salvador Capital Afro\" \/>\n<meta property=\"article:modified_time\" content=\"2023-06-16T12:26:18+00:00\" \/>\n<meta property=\"og:image\" content=\"https:\/\/www.salvadordabahia.com\/capitalafro\/wp-content\/uploads\/2023\/05\/EWA-MODAS.-Destaques.-Foto-divulgacao.jpeg\" \/>\n\t<meta property=\"og:image:width\" content=\"1024\" \/>\n\t<meta property=\"og:image:height\" content=\"580\" \/>\n\t<meta property=\"og:image:type\" content=\"image\/jpeg\" \/>\n<meta name=\"twitter:card\" content=\"summary_large_image\" \/>\n<meta name=\"twitter:label1\" content=\"Est. tempo de leitura\" \/>\n\t<meta name=\"twitter:data1\" content=\"2 minutos\" \/>\n<script type=\"application\/ld+json\" class=\"yoast-schema-graph\">{\"@context\":\"https:\/\/schema.org\",\"@graph\":[{\"@type\":\"WebPage\",\"@id\":\"https:\/\/www.salvadordabahia.com\/capitalafro\/destaques\/ewa-moda-africana\/\",\"url\":\"https:\/\/www.salvadordabahia.com\/capitalafro\/destaques\/ewa-moda-africana\/\",\"name\":\"Ewa Moda Africana - Salvador Capital Afro\",\"isPartOf\":{\"@id\":\"https:\/\/www.salvadordabahia.com\/capitalafro\/#website\"},\"datePublished\":\"2023-06-15T21:17:30+00:00\",\"dateModified\":\"2023-06-16T12:26:18+00:00\",\"breadcrumb\":{\"@id\":\"https:\/\/www.salvadordabahia.com\/capitalafro\/destaques\/ewa-moda-africana\/#breadcrumb\"},\"inLanguage\":\"pt-BR\",\"potentialAction\":[{\"@type\":\"ReadAction\",\"target\":[\"https:\/\/www.salvadordabahia.com\/capitalafro\/destaques\/ewa-moda-africana\/\"]}]},{\"@type\":\"BreadcrumbList\",\"@id\":\"https:\/\/www.salvadordabahia.com\/capitalafro\/destaques\/ewa-moda-africana\/#breadcrumb\",\"itemListElement\":[{\"@type\":\"ListItem\",\"position\":1,\"name\":\"In\u00edcio\",\"item\":\"https:\/\/www.salvadordabahia.com\/capitalafro\/\"},{\"@type\":\"ListItem\",\"position\":2,\"name\":\"Destaques\",\"item\":\"https:\/\/www.salvadordabahia.com\/capitalafro\/destaques\/\"},{\"@type\":\"ListItem\",\"position\":3,\"name\":\"Ewa Moda Africana\"}]},{\"@type\":\"WebSite\",\"@id\":\"https:\/\/www.salvadordabahia.com\/capitalafro\/#website\",\"url\":\"https:\/\/www.salvadordabahia.com\/capitalafro\/\",\"name\":\"Salvador Capital Afro\",\"description\":\"\",\"potentialAction\":[{\"@type\":\"SearchAction\",\"target\":{\"@type\":\"EntryPoint\",\"urlTemplate\":\"https:\/\/www.salvadordabahia.com\/capitalafro\/?s={search_term_string}\"},\"query-input\":\"required name=search_term_string\"}],\"inLanguage\":\"pt-BR\"}]}<\/script>\n<!-- \/ Yoast SEO plugin. -->","yoast_head_json":{"title":"Ewa Moda Africana - Salvador Capital Afro","robots":{"index":"index","follow":"follow","max-snippet":"max-snippet:-1","max-image-preview":"max-image-preview:large","max-video-preview":"max-video-preview:-1"},"canonical":"https:\/\/www.salvadordabahia.com\/capitalafro\/destaques\/ewa-moda-africana\/","og_locale":"pt_BR","og_type":"article","og_title":"Ewa Moda Africana - Salvador Capital Afro","og_description":"Uma das primeiras lojas de moda no Centro Hist\u00f3rico de Salvador A Ewa Moda Africana \u00e9 uma marca de Salvador com ra\u00edzes na \u00c1frica, precisamente na Nig\u00e9ria. H\u00e1 mais de 20 anos, uma das primeiras lojas de moda no Centro Hist\u00f3rico de Salvador, no Pelourinho, leva a reafirma\u00e7\u00e3o da est\u00e9tica preta como forma de incrementar [&hellip;]","og_url":"https:\/\/www.salvadordabahia.com\/capitalafro\/destaques\/ewa-moda-africana\/","og_site_name":"Salvador Capital Afro","article_modified_time":"2023-06-16T12:26:18+00:00","og_image":[{"width":1024,"height":580,"url":"https:\/\/www.salvadordabahia.com\/capitalafro\/wp-content\/uploads\/2023\/05\/EWA-MODAS.-Destaques.-Foto-divulgacao.jpeg","type":"image\/jpeg"}],"twitter_card":"summary_large_image","twitter_misc":{"Est. tempo de leitura":"2 minutos"},"schema":{"@context":"https:\/\/schema.org","@graph":[{"@type":"WebPage","@id":"https:\/\/www.salvadordabahia.com\/capitalafro\/destaques\/ewa-moda-africana\/","url":"https:\/\/www.salvadordabahia.com\/capitalafro\/destaques\/ewa-moda-africana\/","name":"Ewa Moda Africana - Salvador Capital Afro","isPartOf":{"@id":"https:\/\/www.salvadordabahia.com\/capitalafro\/#website"},"datePublished":"2023-06-15T21:17:30+00:00","dateModified":"2023-06-16T12:26:18+00:00","breadcrumb":{"@id":"https:\/\/www.salvadordabahia.com\/capitalafro\/destaques\/ewa-moda-africana\/#breadcrumb"},"inLanguage":"pt-BR","potentialAction":[{"@type":"ReadAction","target":["https:\/\/www.salvadordabahia.com\/capitalafro\/destaques\/ewa-moda-africana\/"]}]},{"@type":"BreadcrumbList","@id":"https:\/\/www.salvadordabahia.com\/capitalafro\/destaques\/ewa-moda-africana\/#breadcrumb","itemListElement":[{"@type":"ListItem","position":1,"name":"In\u00edcio","item":"https:\/\/www.salvadordabahia.com\/capitalafro\/"},{"@type":"ListItem","position":2,"name":"Destaques","item":"https:\/\/www.salvadordabahia.com\/capitalafro\/destaques\/"},{"@type":"ListItem","position":3,"name":"Ewa Moda Africana"}]},{"@type":"WebSite","@id":"https:\/\/www.salvadordabahia.com\/capitalafro\/#website","url":"https:\/\/www.salvadordabahia.com\/capitalafro\/","name":"Salvador Capital Afro","description":"","potentialAction":[{"@type":"SearchAction","target":{"@type":"EntryPoint","urlTemplate":"https:\/\/www.salvadordabahia.com\/capitalafro\/?s={search_term_string}"},"query-input":"required name=search_term_string"}],"inLanguage":"pt-BR"}]}},"_links":{"self":[{"href":"https:\/\/www.salvadordabahia.com\/capitalafro\/wp-json\/wp\/v2\/destaques\/1124"}],"collection":[{"href":"https:\/\/www.salvadordabahia.com\/capitalafro\/wp-json\/wp\/v2\/destaques"}],"about":[{"href":"https:\/\/www.salvadordabahia.com\/capitalafro\/wp-json\/wp\/v2\/types\/destaques"}],"wp:featuredmedia":[{"embeddable":true,"href":"https:\/\/www.salvadordabahia.com\/capitalafro\/wp-json\/wp\/v2\/media\/1236"}],"wp:attachment":[{"href":"https:\/\/www.salvadordabahia.com\/capitalafro\/wp-json\/wp\/v2\/media?parent=1124"}],"wp:term":[{"taxonomy":"tipos","embeddable":true,"href":"https:\/\/www.salvadordabahia.com\/capitalafro\/wp-json\/wp\/v2\/tipos?post=1124"}],"curies":[{"name":"wp","href":"https:\/\/api.w.org\/{rel}","templated":true}]}}

<h2 style="text-align: center;">Uma das primeiras lojas de moda no Centro Histórico de Salvador</h2>
<p>A Ewa Moda Africana é uma marca de Salvador com raízes na África, precisamente na Nigéria. Há mais de 20 anos, uma das primeiras lojas de moda no Centro Histórico de Salvador, no Pelourinho, leva a reafirmação da estética preta como forma de incrementar a cultura e a arte do continente africano.</p>
<p>Após se consolidar como referência no comércio de produtos especializados, a Ewa virou marca e passou a comercializar artigos próprios, como roupas e tecidos típicos dos países da África, tanto na forma de peças casuais quanto na forma de indumentárias, para ocasiões especiais. Utilizando desde tecidos com estampas vívidas e multicoloridas, a brocados detalhados e mais formais, confeccionados em materiais nobres, a Ewa entrega peças com qualidade, carregadas com a herança africana para os seus consumidores.</p>
<p>O catálogo da marca é variado e oferece roupas para todos os gêneros. São joias, acessórios, artesanatos e trajes da moda africana. Além da loja física, a marca também mantém um site na internet, onde é possível fazer compras de qualquer lugar do Brasil. A Ewa tem como referência pessoas importantes das religiões de matriz africana, como as ialorixás Mãe Menininha do Gantois e Mãe Stella de Oxóssi, entre outras figuras de destaque para a cultura afro-brasileira.</p>
<h3>Serviço</h3>
<p><strong>Ewa Moda Africana</strong><br />
Endereço: Praça da Sé, nº 4 – Pelourinho, Salvador-BA<br />
Instagram: <a href="https://www.instagram.com/abitoksewamoda/" target="_blank" rel="noopener">@abitoksewamoda</a><br />
Site: <a href="https://www.ewamodaafricana.com.br/" target="_blank" rel="noopener">www.ewamodaafricana.com.br</a><br />
Contatos: (71) 98543-0097 / (71) 98856-9977<br />
E-mail: ewamobitoks@hotmail.com</p>

<!-- This site is optimized with the Yoast SEO plugin v21.5 - https://yoast.com/wordpress/plugins/seo/ -->
<title>Ewa Moda Africana - Salvador Capital Afro</title>
<meta name="robots" content="index, follow, max-snippet:-1, max-image-preview:large, max-video-preview:-1" />
<link rel="canonical" href="https://www.salvadordabahia.com/capitalafro/destaques/ewa-moda-africana/" />
<meta property="og:locale" content="pt_BR" />
<meta property="og:type" content="article" />
<meta property="og:title" content="Ewa Moda Africana - Salvador Capital Afro" />
<meta property="og:description" content="Uma das primeiras lojas de moda no Centro Histórico de Salvador A Ewa Moda Africana é uma marca de Salvador com raízes na África, precisamente na Nigéria. Há mais de 20 anos, uma das primeiras lojas de moda no Centro Histórico de Salvador, no Pelourinho, leva a reafirmação da estética preta como forma de incrementar [&hellip;]" />
<meta property="og:url" content="https://www.salvadordabahia.com/capitalafro/destaques/ewa-moda-africana/" />
<meta property="og:site_name" content="Salvador Capital Afro" />
<meta property="article:modified_time" content="2023-06-16T12:26:18+00:00" />
<meta property="og:image" content="https://www.salvadordabahia.com/capitalafro/wp-content/uploads/2023/05/EWA-MODAS.-Destaques.-Foto-divulgacao.jpeg" />
	<meta property="og:image:width" content="1024" />
	<meta property="og:image:height" content="580" />
	<meta property="og:image:type" content="image/jpeg" />
<meta name="twitter:card" content="summary_large_image" />
<meta name="twitter:label1" content="Est. tempo de leitura" />
	<meta name="twitter:data1" content="2 minutos" />
<script type="application/ld+json" class="yoast-schema-graph">{"@context":"https://schema.org","@graph":[{"@type":"WebPage","@id":"https://www.salvadordabahia.com/capitalafro/destaques/ewa-moda-africana/","url":"https://www.salvadordabahia.com/capitalafro/destaques/ewa-moda-africana/","name":"Ewa Moda Africana - Salvador Capital Afro","isPartOf":{"@id":"https://www.salvadordabahia.com/capitalafro/#website"},"datePublished":"2023-06-15T21:17:30+00:00","dateModified":"2023-06-16T12:26:18+00:00","breadcrumb":{"@id":"https://www.salvadordabahia.com/capitalafro/destaques/ewa-moda-africana/#breadcrumb"},"inLanguage":"pt-BR","potentialAction":[{"@type":"ReadAction","target":["https://www.salvadordabahia.com/capitalafro/destaques/ewa-moda-africana/"]}]},{"@type":"BreadcrumbList","@id":"https://www.salvadordabahia.com/capitalafro/destaques/ewa-moda-africana/#breadcrumb","itemListElement":[{"@type":"ListItem","position":1,"name":"Início","item":"https://www.salvadordabahia.com/capitalafro/"},{"@type":"ListItem","position":2,"name":"Destaques","item":"https://www.salvadordabahia.com/capitalafro/destaques/"},{"@type":"ListItem","position":3,"name":"Ewa Moda Africana"}]},{"@type":"WebSite","@id":"https://www.salvadordabahia.com/capitalafro/#website","url":"https://www.salvadordabahia.com/capitalafro/","name":"Salvador Capital Afro","description":"","potentialAction":[{"@type":"SearchAction","target":{"@type":"EntryPoint","urlTemplate":"https://www.salvadordabahia.com/capitalafro/?s={search_term_string}"},"query-input":"required name=search_term_string"}],"inLanguage":"pt-BR"}]}</script>
<!-- / Yoast SEO plugin. -->

Uma das primeiras lojas de moda no Centro Histórico de Salvador A Ewa Moda Africana é uma marca de Salvador com raízes na África, precisamente na Nigéria. Há mais de 20 anos, uma das primeiras lojas de moda no Centro Histórico de Salvador, no Pelourinho, leva a reafirmação da estética preta como forma de incrementar [&hellip;]

Início
