{"id":1120,"date":"2023-06-15T21:17:28","date_gmt":"2023-06-15T21:17:28","guid":{"rendered":"https:\/\/salvadordabahia.com\/capitalafro\/?post_type=destaques&#038;p=1120"},"modified":"2023-06-16T09:26:19","modified_gmt":"2023-06-16T12:26:19","slug":"loja-bella-oya","status":"publish","type":"destaques","link":"https:\/\/www.salvadordabahia.com\/capitalafro\/destaques\/loja-bella-oya\/","title":{"rendered":"Loja Bella Oy\u00e1"},"content":{"rendered":"<h2 style=\"text-align: center;\">Moda autoral e de resist\u00eancia<\/h2>\n<p>O foco da Bella Oy\u00e1 \u00e9 carregar a identidade ancestral e diasp\u00f3rica na pele das pessoas negras por meio da roupagem. A marca completa seis anos em 2023 e tem como principal tra\u00e7o a originalidade. Feitas em tecidos africanos escolhidos a partir de determinados crit\u00e9rios e com o design assinado pela estilista Regina Navarro, as pe\u00e7as unem elementos de identifica\u00e7\u00e3o que n\u00e3o tenham como par\u00e2metro a beleza europeia, tornando acess\u00edvel a moda racializada para todas as pessoas.<\/p>\n<p>O cat\u00e1logo da Bella Oy\u00e1 \u00e9 vasto, com roupas para os g\u00eaneros feminino e masculino. Entre as op\u00e7\u00f5es, com estampas coloridas, est\u00e3o blusas, camisetas, camisas e vestidos, que v\u00e3o do estilo mais formal ao mais casual. Na trajet\u00f3ria, a Bella Oy\u00e1 j\u00e1 vestiu, inclusive, uma das Deusas do \u00c9bano do Il\u00ea Aiy\u00ea, Daniele Nobre.<\/p>\n<p>A for\u00e7a e a identidade da marca tamb\u00e9m j\u00e1 estiveram presentes na maior passarela negra do Brasil: o Afro Fashion Day. Foi a partir deste start que a marca migrou das feiras de rua e expandiu-se para a primeira loja f\u00edsica, que fica no Pelourinho, Centro Hist\u00f3rico de Salvador. Conectando a cultura da \u00c1frica com a Bahia, a Bella Oy\u00e1 tem o compromisso social de ampliar o consumo da moda autoral e de resist\u00eancia para todo o p\u00fablico.<\/p>\n<h3>Servi\u00e7o<\/h3>\n<p><strong>Loja Bella Oy\u00e1<\/strong><br \/>\nEndere\u00e7o: Rua Greg\u00f3rio de Mattos, n\u00ba 32, Centro Hist\u00f3rico \u2013 Pelourinho<br \/>\nInstagram: <a href=\"https:\/\/www.instagram.com\/reginanavarrobellaoya\/\" target=\"_blank\" rel=\"noopener\">@reginanavarrobellaoya<\/a><br \/>\nContato: (71) 99344-9111<br \/>\nE-mail lojabellaoya@hotmail.com<\/p>\n","protected":false},"featured_media":1219,"template":"","tipos":[140],"acf":[],"yoast_head":"<!-- This site is optimized with the Yoast SEO plugin v21.5 - https:\/\/yoast.com\/wordpress\/plugins\/seo\/ -->\n<title>Loja Bella Oy\u00e1 - Salvador Capital Afro<\/title>\n<meta name=\"robots\" content=\"index, follow, max-snippet:-1, max-image-preview:large, max-video-preview:-1\" \/>\n<link rel=\"canonical\" href=\"https:\/\/www.salvadordabahia.com\/capitalafro\/destaques\/loja-bella-oya\/\" \/>\n<meta property=\"og:locale\" content=\"pt_BR\" \/>\n<meta property=\"og:type\" content=\"article\" \/>\n<meta property=\"og:title\" content=\"Loja Bella Oy\u00e1 - Salvador Capital Afro\" \/>\n<meta property=\"og:description\" content=\"Moda autoral e de resist\u00eancia O foco da Bella Oy\u00e1 \u00e9 carregar a identidade ancestral e diasp\u00f3rica na pele das pessoas negras por meio da roupagem. A marca completa seis anos em 2023 e tem como principal tra\u00e7o a originalidade. Feitas em tecidos africanos escolhidos a partir de determinados crit\u00e9rios e com o design assinado [&hellip;]\" \/>\n<meta property=\"og:url\" content=\"https:\/\/www.salvadordabahia.com\/capitalafro\/destaques\/loja-bella-oya\/\" \/>\n<meta property=\"og:site_name\" content=\"Salvador Capital Afro\" \/>\n<meta property=\"article:modified_time\" content=\"2023-06-16T12:26:19+00:00\" \/>\n<meta property=\"og:image\" content=\"https:\/\/www.salvadordabahia.com\/capitalafro\/wp-content\/uploads\/2023\/05\/BELLA-OYA.-Foto-Jefferson-Dias-scaled.jpg\" \/>\n\t<meta property=\"og:image:width\" content=\"2560\" \/>\n\t<meta property=\"og:image:height\" content=\"1707\" \/>\n\t<meta property=\"og:image:type\" content=\"image\/jpeg\" \/>\n<meta name=\"twitter:card\" content=\"summary_large_image\" \/>\n<meta name=\"twitter:label1\" content=\"Est. tempo de leitura\" \/>\n\t<meta name=\"twitter:data1\" content=\"2 minutos\" \/>\n<script type=\"application\/ld+json\" class=\"yoast-schema-graph\">{\"@context\":\"https:\/\/schema.org\",\"@graph\":[{\"@type\":\"WebPage\",\"@id\":\"https:\/\/www.salvadordabahia.com\/capitalafro\/destaques\/loja-bella-oya\/\",\"url\":\"https:\/\/www.salvadordabahia.com\/capitalafro\/destaques\/loja-bella-oya\/\",\"name\":\"Loja Bella Oy\u00e1 - Salvador Capital Afro\",\"isPartOf\":{\"@id\":\"https:\/\/www.salvadordabahia.com\/capitalafro\/#website\"},\"datePublished\":\"2023-06-15T21:17:28+00:00\",\"dateModified\":\"2023-06-16T12:26:19+00:00\",\"breadcrumb\":{\"@id\":\"https:\/\/www.salvadordabahia.com\/capitalafro\/destaques\/loja-bella-oya\/#breadcrumb\"},\"inLanguage\":\"pt-BR\",\"potentialAction\":[{\"@type\":\"ReadAction\",\"target\":[\"https:\/\/www.salvadordabahia.com\/capitalafro\/destaques\/loja-bella-oya\/\"]}]},{\"@type\":\"BreadcrumbList\",\"@id\":\"https:\/\/www.salvadordabahia.com\/capitalafro\/destaques\/loja-bella-oya\/#breadcrumb\",\"itemListElement\":[{\"@type\":\"ListItem\",\"position\":1,\"name\":\"In\u00edcio\",\"item\":\"https:\/\/www.salvadordabahia.com\/capitalafro\/\"},{\"@type\":\"ListItem\",\"position\":2,\"name\":\"Destaques\",\"item\":\"https:\/\/www.salvadordabahia.com\/capitalafro\/destaques\/\"},{\"@type\":\"ListItem\",\"position\":3,\"name\":\"Loja Bella Oy\u00e1\"}]},{\"@type\":\"WebSite\",\"@id\":\"https:\/\/www.salvadordabahia.com\/capitalafro\/#website\",\"url\":\"https:\/\/www.salvadordabahia.com\/capitalafro\/\",\"name\":\"Salvador Capital Afro\",\"description\":\"\",\"potentialAction\":[{\"@type\":\"SearchAction\",\"target\":{\"@type\":\"EntryPoint\",\"urlTemplate\":\"https:\/\/www.salvadordabahia.com\/capitalafro\/?s={search_term_string}\"},\"query-input\":\"required name=search_term_string\"}],\"inLanguage\":\"pt-BR\"}]}<\/script>\n<!-- \/ Yoast SEO plugin. -->","yoast_head_json":{"title":"Loja Bella Oy\u00e1 - Salvador Capital Afro","robots":{"index":"index","follow":"follow","max-snippet":"max-snippet:-1","max-image-preview":"max-image-preview:large","max-video-preview":"max-video-preview:-1"},"canonical":"https:\/\/www.salvadordabahia.com\/capitalafro\/destaques\/loja-bella-oya\/","og_locale":"pt_BR","og_type":"article","og_title":"Loja Bella Oy\u00e1 - Salvador Capital Afro","og_description":"Moda autoral e de resist\u00eancia O foco da Bella Oy\u00e1 \u00e9 carregar a identidade ancestral e diasp\u00f3rica na pele das pessoas negras por meio da roupagem. A marca completa seis anos em 2023 e tem como principal tra\u00e7o a originalidade. Feitas em tecidos africanos escolhidos a partir de determinados crit\u00e9rios e com o design assinado [&hellip;]","og_url":"https:\/\/www.salvadordabahia.com\/capitalafro\/destaques\/loja-bella-oya\/","og_site_name":"Salvador Capital Afro","article_modified_time":"2023-06-16T12:26:19+00:00","og_image":[{"width":2560,"height":1707,"url":"https:\/\/www.salvadordabahia.com\/capitalafro\/wp-content\/uploads\/2023\/05\/BELLA-OYA.-Foto-Jefferson-Dias-scaled.jpg","type":"image\/jpeg"}],"twitter_card":"summary_large_image","twitter_misc":{"Est. tempo de leitura":"2 minutos"},"schema":{"@context":"https:\/\/schema.org","@graph":[{"@type":"WebPage","@id":"https:\/\/www.salvadordabahia.com\/capitalafro\/destaques\/loja-bella-oya\/","url":"https:\/\/www.salvadordabahia.com\/capitalafro\/destaques\/loja-bella-oya\/","name":"Loja Bella Oy\u00e1 - Salvador Capital Afro","isPartOf":{"@id":"https:\/\/www.salvadordabahia.com\/capitalafro\/#website"},"datePublished":"2023-06-15T21:17:28+00:00","dateModified":"2023-06-16T12:26:19+00:00","breadcrumb":{"@id":"https:\/\/www.salvadordabahia.com\/capitalafro\/destaques\/loja-bella-oya\/#breadcrumb"},"inLanguage":"pt-BR","potentialAction":[{"@type":"ReadAction","target":["https:\/\/www.salvadordabahia.com\/capitalafro\/destaques\/loja-bella-oya\/"]}]},{"@type":"BreadcrumbList","@id":"https:\/\/www.salvadordabahia.com\/capitalafro\/destaques\/loja-bella-oya\/#breadcrumb","itemListElement":[{"@type":"ListItem","position":1,"name":"In\u00edcio","item":"https:\/\/www.salvadordabahia.com\/capitalafro\/"},{"@type":"ListItem","position":2,"name":"Destaques","item":"https:\/\/www.salvadordabahia.com\/capitalafro\/destaques\/"},{"@type":"ListItem","position":3,"name":"Loja Bella Oy\u00e1"}]},{"@type":"WebSite","@id":"https:\/\/www.salvadordabahia.com\/capitalafro\/#website","url":"https:\/\/www.salvadordabahia.com\/capitalafro\/","name":"Salvador Capital Afro","description":"","potentialAction":[{"@type":"SearchAction","target":{"@type":"EntryPoint","urlTemplate":"https:\/\/www.salvadordabahia.com\/capitalafro\/?s={search_term_string}"},"query-input":"required name=search_term_string"}],"inLanguage":"pt-BR"}]}},"_links":{"self":[{"href":"https:\/\/www.salvadordabahia.com\/capitalafro\/wp-json\/wp\/v2\/destaques\/1120"}],"collection":[{"href":"https:\/\/www.salvadordabahia.com\/capitalafro\/wp-json\/wp\/v2\/destaques"}],"about":[{"href":"https:\/\/www.salvadordabahia.com\/capitalafro\/wp-json\/wp\/v2\/types\/destaques"}],"wp:featuredmedia":[{"embeddable":true,"href":"https:\/\/www.salvadordabahia.com\/capitalafro\/wp-json\/wp\/v2\/media\/1219"}],"wp:attachment":[{"href":"https:\/\/www.salvadordabahia.com\/capitalafro\/wp-json\/wp\/v2\/media?parent=1120"}],"wp:term":[{"taxonomy":"tipos","embeddable":true,"href":"https:\/\/www.salvadordabahia.com\/capitalafro\/wp-json\/wp\/v2\/tipos?post=1120"}],"curies":[{"name":"wp","href":"https:\/\/api.w.org\/{rel}","templated":true}]}}

Loja Bella Oyá

<h2 style="text-align: center;">Moda autoral e de resistência</h2>
<p>O foco da Bella Oyá é carregar a identidade ancestral e diaspórica na pele das pessoas negras por meio da roupagem. A marca completa seis anos em 2023 e tem como principal traço a originalidade. Feitas em tecidos africanos escolhidos a partir de determinados critérios e com o design assinado pela estilista Regina Navarro, as peças unem elementos de identificação que não tenham como parâmetro a beleza europeia, tornando acessível a moda racializada para todas as pessoas.</p>
<p>O catálogo da Bella Oyá é vasto, com roupas para os gêneros feminino e masculino. Entre as opções, com estampas coloridas, estão blusas, camisetas, camisas e vestidos, que vão do estilo mais formal ao mais casual. Na trajetória, a Bella Oyá já vestiu, inclusive, uma das Deusas do Ébano do Ilê Aiyê, Daniele Nobre.</p>
<p>A força e a identidade da marca também já estiveram presentes na maior passarela negra do Brasil: o Afro Fashion Day. Foi a partir deste start que a marca migrou das feiras de rua e expandiu-se para a primeira loja física, que fica no Pelourinho, Centro Histórico de Salvador. Conectando a cultura da África com a Bahia, a Bella Oyá tem o compromisso social de ampliar o consumo da moda autoral e de resistência para todo o público.</p>
<h3>Serviço</h3>
<p><strong>Loja Bella Oyá</strong><br />
Endereço: Rua Gregório de Mattos, nº 32, Centro Histórico – Pelourinho<br />
Instagram: <a href="https://www.instagram.com/reginanavarrobellaoya/" target="_blank" rel="noopener">@reginanavarrobellaoya</a><br />
Contato: (71) 99344-9111<br />
E-mail lojabellaoya@hotmail.com</p>

<!-- This site is optimized with the Yoast SEO plugin v21.5 - https://yoast.com/wordpress/plugins/seo/ -->
<title>Loja Bella Oyá - Salvador Capital Afro</title>
<meta name="robots" content="index, follow, max-snippet:-1, max-image-preview:large, max-video-preview:-1" />
<link rel="canonical" href="https://www.salvadordabahia.com/capitalafro/destaques/loja-bella-oya/" />
<meta property="og:locale" content="pt_BR" />
<meta property="og:type" content="article" />
<meta property="og:title" content="Loja Bella Oyá - Salvador Capital Afro" />
<meta property="og:description" content="Moda autoral e de resistência O foco da Bella Oyá é carregar a identidade ancestral e diaspórica na pele das pessoas negras por meio da roupagem. A marca completa seis anos em 2023 e tem como principal traço a originalidade. Feitas em tecidos africanos escolhidos a partir de determinados critérios e com o design assinado [&hellip;]" />
<meta property="og:url" content="https://www.salvadordabahia.com/capitalafro/destaques/loja-bella-oya/" />
<meta property="og:site_name" content="Salvador Capital Afro" />
<meta property="article:modified_time" content="2023-06-16T12:26:19+00:00" />
<meta property="og:image" content="https://www.salvadordabahia.com/capitalafro/wp-content/uploads/2023/05/BELLA-OYA.-Foto-Jefferson-Dias-scaled.jpg" />
	<meta property="og:image:width" content="2560" />
	<meta property="og:image:height" content="1707" />
	<meta property="og:image:type" content="image/jpeg" />
<meta name="twitter:card" content="summary_large_image" />
<meta name="twitter:label1" content="Est. tempo de leitura" />
	<meta name="twitter:data1" content="2 minutos" />
<script type="application/ld+json" class="yoast-schema-graph">{"@context":"https://schema.org","@graph":[{"@type":"WebPage","@id":"https://www.salvadordabahia.com/capitalafro/destaques/loja-bella-oya/","url":"https://www.salvadordabahia.com/capitalafro/destaques/loja-bella-oya/","name":"Loja Bella Oyá - Salvador Capital Afro","isPartOf":{"@id":"https://www.salvadordabahia.com/capitalafro/#website"},"datePublished":"2023-06-15T21:17:28+00:00","dateModified":"2023-06-16T12:26:19+00:00","breadcrumb":{"@id":"https://www.salvadordabahia.com/capitalafro/destaques/loja-bella-oya/#breadcrumb"},"inLanguage":"pt-BR","potentialAction":[{"@type":"ReadAction","target":["https://www.salvadordabahia.com/capitalafro/destaques/loja-bella-oya/"]}]},{"@type":"BreadcrumbList","@id":"https://www.salvadordabahia.com/capitalafro/destaques/loja-bella-oya/#breadcrumb","itemListElement":[{"@type":"ListItem","position":1,"name":"Início","item":"https://www.salvadordabahia.com/capitalafro/"},{"@type":"ListItem","position":2,"name":"Destaques","item":"https://www.salvadordabahia.com/capitalafro/destaques/"},{"@type":"ListItem","position":3,"name":"Loja Bella Oyá"}]},{"@type":"WebSite","@id":"https://www.salvadordabahia.com/capitalafro/#website","url":"https://www.salvadordabahia.com/capitalafro/","name":"Salvador Capital Afro","description":"","potentialAction":[{"@type":"SearchAction","target":{"@type":"EntryPoint","urlTemplate":"https://www.salvadordabahia.com/capitalafro/?s={search_term_string}"},"query-input":"required name=search_term_string"}],"inLanguage":"pt-BR"}]}</script>
<!-- / Yoast SEO plugin. -->

Loja Bella Oyá - Salvador Capital Afro

Moda autoral e de resistência O foco da Bella Oyá é carregar a identidade ancestral e diaspórica na pele das pessoas negras por meio da roupagem. A marca completa seis anos em 2023 e tem como principal traço a originalidade. Feitas em tecidos africanos escolhidos a partir de determinados critérios e com o design assinado [&hellip;]

Início
