{"id":1097,"date":"2023-06-15T21:17:37","date_gmt":"2023-06-15T21:17:37","guid":{"rendered":"https:\/\/salvadordabahia.com\/capitalafro\/?post_type=destaques&#038;p=1097"},"modified":"2023-06-16T09:26:15","modified_gmt":"2023-06-16T12:26:15","slug":"alaide-do-feijao","status":"publish","type":"destaques","link":"https:\/\/www.salvadordabahia.com\/capitalafro\/destaques\/alaide-do-feijao\/","title":{"rendered":"Ala\u00edde do Feij\u00e3o"},"content":{"rendered":"<h2 style=\"text-align: center;\">Refer\u00eancia negra no Centro Hist\u00f3rico de Salvador<\/h2>\n<p>Famoso pela boa comida e pelo acolhimento de sua anfitri\u00e3 \u2013 Ala\u00edde Concei\u00e7\u00e3o, falecida em 2022, v\u00edtima de complica\u00e7\u00f5es ap\u00f3s contrair Covid-19 \u2013, o restaurante Ala\u00edde do Feij\u00e3o \u00e9 uma conhecida refer\u00eancia negra no Centro Hist\u00f3rico de Salvador. As paredes do restaurante, hoje administrado por suas filhas, possuem t\u00edtulos e comendas, al\u00e9m de exibir fotos com personalidades culturais e pol\u00edticas que passaram pelo estabelecimento.<\/p>\n<p>O aprendizado veio da m\u00e3e Maria das Neves, que vendia comida na d\u00e9cada de 1960, pr\u00f3ximo ao Mercado Modelo e Elevador Lacerda, onde Ala\u00edde come\u00e7ou a atuar ainda adolescente. Em 1993, Ala\u00edde abriu seu primeiro restaurante na Ladeira da Ordem Terceira do S\u00e3o Francisco e n\u00e3o demorou para que o card\u00e1pio fosse ampliado para atender a clientela que crescia. Em 2015, o restaurante precisou mudar de endere\u00e7o \u2013 o espa\u00e7o que ocupava seria transformado em um ponto de cultura \u2013, mas continuou no pr\u00f3prio Centro Hist\u00f3rico, na Rua das Laranjeiras, onde permanece at\u00e9 hoje.<\/p>\n<p>Al\u00e9m da feijoada deliciosa e outros quitutes, o restaurante Ala\u00edde do Feij\u00e3o tornou-se um espa\u00e7o para reuni\u00f5es e encontros com diversos prop\u00f3sitos. Al\u00e9m de ser o ber\u00e7o de novos movimentos de luta por direitos e de combate ao racismo, o estabelecimento tamb\u00e9m se tornou um local onde acordos pol\u00edticos t\u00eam sido firmados e grandes encontros entre personalidades negras seguem acontecendo. E, claro, \u00e9 um \u00f3timo lugar para uma agrad\u00e1vel conversa com a feijoada sempre \u00e0 mesa.<\/p>\n<h3>Servi\u00e7o<\/h3>\n<p><strong>Ala\u00edde do Feij\u00e3o<\/strong><br \/>\nEndere\u00e7o: Rua das Laranjeiras, 26 \u2013 Centro Hist\u00f3rico<br \/>\nInstagram: @<a href=\"https:\/\/www.instagram.com\/alaidedofeijaooficial\/\" target=\"_blank\" rel=\"noopener\">alaidedofeijaooficial<\/a><br \/>\nFacebook: www.facebook.com\/restaurantealaidedofeijaooficial<br \/>\nE-mail: alaidedofeijao_socialmedia@hotmail.com<br \/>\nTelefone: (71) 3321-3634<br \/>\nWhatsApp: (71) 98712-1440<\/p>\n","protected":false},"featured_media":1209,"template":"","tipos":[137],"acf":[],"yoast_head":"<!-- This site is optimized with the Yoast SEO plugin v21.5 - https:\/\/yoast.com\/wordpress\/plugins\/seo\/ -->\n<title>Ala\u00edde do Feij\u00e3o - Salvador Capital Afro<\/title>\n<meta name=\"robots\" content=\"index, follow, max-snippet:-1, max-image-preview:large, max-video-preview:-1\" \/>\n<link rel=\"canonical\" href=\"https:\/\/www.salvadordabahia.com\/capitalafro\/destaques\/alaide-do-feijao\/\" \/>\n<meta property=\"og:locale\" content=\"pt_BR\" \/>\n<meta property=\"og:type\" content=\"article\" \/>\n<meta property=\"og:title\" content=\"Ala\u00edde do Feij\u00e3o - Salvador Capital Afro\" \/>\n<meta property=\"og:description\" content=\"Refer\u00eancia negra no Centro Hist\u00f3rico de Salvador Famoso pela boa comida e pelo acolhimento de sua anfitri\u00e3 \u2013 Ala\u00edde Concei\u00e7\u00e3o, falecida em 2022, v\u00edtima de complica\u00e7\u00f5es ap\u00f3s contrair Covid-19 \u2013, o restaurante Ala\u00edde do Feij\u00e3o \u00e9 uma conhecida refer\u00eancia negra no Centro Hist\u00f3rico de Salvador. As paredes do restaurante, hoje administrado por suas filhas, possuem [&hellip;]\" \/>\n<meta property=\"og:url\" content=\"https:\/\/www.salvadordabahia.com\/capitalafro\/destaques\/alaide-do-feijao\/\" \/>\n<meta property=\"og:site_name\" content=\"Salvador Capital Afro\" \/>\n<meta property=\"article:modified_time\" content=\"2023-06-16T12:26:15+00:00\" \/>\n<meta property=\"og:image\" content=\"https:\/\/www.salvadordabahia.com\/capitalafro\/wp-content\/uploads\/2023\/05\/Alaide-do-Feijao.-Pelourinho.-Foto-divulgacao.jpg\" \/>\n\t<meta property=\"og:image:width\" content=\"960\" \/>\n\t<meta property=\"og:image:height\" content=\"1280\" \/>\n\t<meta property=\"og:image:type\" content=\"image\/jpeg\" \/>\n<meta name=\"twitter:card\" content=\"summary_large_image\" \/>\n<meta name=\"twitter:label1\" content=\"Est. tempo de leitura\" \/>\n\t<meta name=\"twitter:data1\" content=\"2 minutos\" \/>\n<script type=\"application\/ld+json\" class=\"yoast-schema-graph\">{\"@context\":\"https:\/\/schema.org\",\"@graph\":[{\"@type\":\"WebPage\",\"@id\":\"https:\/\/www.salvadordabahia.com\/capitalafro\/destaques\/alaide-do-feijao\/\",\"url\":\"https:\/\/www.salvadordabahia.com\/capitalafro\/destaques\/alaide-do-feijao\/\",\"name\":\"Ala\u00edde do Feij\u00e3o - Salvador Capital Afro\",\"isPartOf\":{\"@id\":\"https:\/\/www.salvadordabahia.com\/capitalafro\/#website\"},\"datePublished\":\"2023-06-15T21:17:37+00:00\",\"dateModified\":\"2023-06-16T12:26:15+00:00\",\"breadcrumb\":{\"@id\":\"https:\/\/www.salvadordabahia.com\/capitalafro\/destaques\/alaide-do-feijao\/#breadcrumb\"},\"inLanguage\":\"pt-BR\",\"potentialAction\":[{\"@type\":\"ReadAction\",\"target\":[\"https:\/\/www.salvadordabahia.com\/capitalafro\/destaques\/alaide-do-feijao\/\"]}]},{\"@type\":\"BreadcrumbList\",\"@id\":\"https:\/\/www.salvadordabahia.com\/capitalafro\/destaques\/alaide-do-feijao\/#breadcrumb\",\"itemListElement\":[{\"@type\":\"ListItem\",\"position\":1,\"name\":\"In\u00edcio\",\"item\":\"https:\/\/www.salvadordabahia.com\/capitalafro\/\"},{\"@type\":\"ListItem\",\"position\":2,\"name\":\"Destaques\",\"item\":\"https:\/\/www.salvadordabahia.com\/capitalafro\/destaques\/\"},{\"@type\":\"ListItem\",\"position\":3,\"name\":\"Ala\u00edde do Feij\u00e3o\"}]},{\"@type\":\"WebSite\",\"@id\":\"https:\/\/www.salvadordabahia.com\/capitalafro\/#website\",\"url\":\"https:\/\/www.salvadordabahia.com\/capitalafro\/\",\"name\":\"Salvador Capital Afro\",\"description\":\"\",\"potentialAction\":[{\"@type\":\"SearchAction\",\"target\":{\"@type\":\"EntryPoint\",\"urlTemplate\":\"https:\/\/www.salvadordabahia.com\/capitalafro\/?s={search_term_string}\"},\"query-input\":\"required name=search_term_string\"}],\"inLanguage\":\"pt-BR\"}]}<\/script>\n<!-- \/ Yoast SEO plugin. -->","yoast_head_json":{"title":"Ala\u00edde do Feij\u00e3o - Salvador Capital Afro","robots":{"index":"index","follow":"follow","max-snippet":"max-snippet:-1","max-image-preview":"max-image-preview:large","max-video-preview":"max-video-preview:-1"},"canonical":"https:\/\/www.salvadordabahia.com\/capitalafro\/destaques\/alaide-do-feijao\/","og_locale":"pt_BR","og_type":"article","og_title":"Ala\u00edde do Feij\u00e3o - Salvador Capital Afro","og_description":"Refer\u00eancia negra no Centro Hist\u00f3rico de Salvador Famoso pela boa comida e pelo acolhimento de sua anfitri\u00e3 \u2013 Ala\u00edde Concei\u00e7\u00e3o, falecida em 2022, v\u00edtima de complica\u00e7\u00f5es ap\u00f3s contrair Covid-19 \u2013, o restaurante Ala\u00edde do Feij\u00e3o \u00e9 uma conhecida refer\u00eancia negra no Centro Hist\u00f3rico de Salvador. As paredes do restaurante, hoje administrado por suas filhas, possuem [&hellip;]","og_url":"https:\/\/www.salvadordabahia.com\/capitalafro\/destaques\/alaide-do-feijao\/","og_site_name":"Salvador Capital Afro","article_modified_time":"2023-06-16T12:26:15+00:00","og_image":[{"width":960,"height":1280,"url":"https:\/\/www.salvadordabahia.com\/capitalafro\/wp-content\/uploads\/2023\/05\/Alaide-do-Feijao.-Pelourinho.-Foto-divulgacao.jpg","type":"image\/jpeg"}],"twitter_card":"summary_large_image","twitter_misc":{"Est. tempo de leitura":"2 minutos"},"schema":{"@context":"https:\/\/schema.org","@graph":[{"@type":"WebPage","@id":"https:\/\/www.salvadordabahia.com\/capitalafro\/destaques\/alaide-do-feijao\/","url":"https:\/\/www.salvadordabahia.com\/capitalafro\/destaques\/alaide-do-feijao\/","name":"Ala\u00edde do Feij\u00e3o - Salvador Capital Afro","isPartOf":{"@id":"https:\/\/www.salvadordabahia.com\/capitalafro\/#website"},"datePublished":"2023-06-15T21:17:37+00:00","dateModified":"2023-06-16T12:26:15+00:00","breadcrumb":{"@id":"https:\/\/www.salvadordabahia.com\/capitalafro\/destaques\/alaide-do-feijao\/#breadcrumb"},"inLanguage":"pt-BR","potentialAction":[{"@type":"ReadAction","target":["https:\/\/www.salvadordabahia.com\/capitalafro\/destaques\/alaide-do-feijao\/"]}]},{"@type":"BreadcrumbList","@id":"https:\/\/www.salvadordabahia.com\/capitalafro\/destaques\/alaide-do-feijao\/#breadcrumb","itemListElement":[{"@type":"ListItem","position":1,"name":"In\u00edcio","item":"https:\/\/www.salvadordabahia.com\/capitalafro\/"},{"@type":"ListItem","position":2,"name":"Destaques","item":"https:\/\/www.salvadordabahia.com\/capitalafro\/destaques\/"},{"@type":"ListItem","position":3,"name":"Ala\u00edde do Feij\u00e3o"}]},{"@type":"WebSite","@id":"https:\/\/www.salvadordabahia.com\/capitalafro\/#website","url":"https:\/\/www.salvadordabahia.com\/capitalafro\/","name":"Salvador Capital Afro","description":"","potentialAction":[{"@type":"SearchAction","target":{"@type":"EntryPoint","urlTemplate":"https:\/\/www.salvadordabahia.com\/capitalafro\/?s={search_term_string}"},"query-input":"required name=search_term_string"}],"inLanguage":"pt-BR"}]}},"_links":{"self":[{"href":"https:\/\/www.salvadordabahia.com\/capitalafro\/wp-json\/wp\/v2\/destaques\/1097"}],"collection":[{"href":"https:\/\/www.salvadordabahia.com\/capitalafro\/wp-json\/wp\/v2\/destaques"}],"about":[{"href":"https:\/\/www.salvadordabahia.com\/capitalafro\/wp-json\/wp\/v2\/types\/destaques"}],"wp:featuredmedia":[{"embeddable":true,"href":"https:\/\/www.salvadordabahia.com\/capitalafro\/wp-json\/wp\/v2\/media\/1209"}],"wp:attachment":[{"href":"https:\/\/www.salvadordabahia.com\/capitalafro\/wp-json\/wp\/v2\/media?parent=1097"}],"wp:term":[{"taxonomy":"tipos","embeddable":true,"href":"https:\/\/www.salvadordabahia.com\/capitalafro\/wp-json\/wp\/v2\/tipos?post=1097"}],"curies":[{"name":"wp","href":"https:\/\/api.w.org\/{rel}","templated":true}]}}

Alaíde do Feijão

<h2 style="text-align: center;">Referência negra no Centro Histórico de Salvador</h2>
<p>Famoso pela boa comida e pelo acolhimento de sua anfitriã – Alaíde Conceição, falecida em 2022, vítima de complicações após contrair Covid-19 –, o restaurante Alaíde do Feijão é uma conhecida referência negra no Centro Histórico de Salvador. As paredes do restaurante, hoje administrado por suas filhas, possuem títulos e comendas, além de exibir fotos com personalidades culturais e políticas que passaram pelo estabelecimento.</p>
<p>O aprendizado veio da mãe Maria das Neves, que vendia comida na década de 1960, próximo ao Mercado Modelo e Elevador Lacerda, onde Alaíde começou a atuar ainda adolescente. Em 1993, Alaíde abriu seu primeiro restaurante na Ladeira da Ordem Terceira do São Francisco e não demorou para que o cardápio fosse ampliado para atender a clientela que crescia. Em 2015, o restaurante precisou mudar de endereço – o espaço que ocupava seria transformado em um ponto de cultura –, mas continuou no próprio Centro Histórico, na Rua das Laranjeiras, onde permanece até hoje.</p>
<p>Além da feijoada deliciosa e outros quitutes, o restaurante Alaíde do Feijão tornou-se um espaço para reuniões e encontros com diversos propósitos. Além de ser o berço de novos movimentos de luta por direitos e de combate ao racismo, o estabelecimento também se tornou um local onde acordos políticos têm sido firmados e grandes encontros entre personalidades negras seguem acontecendo. E, claro, é um ótimo lugar para uma agradável conversa com a feijoada sempre à mesa.</p>
<h3>Serviço</h3>
<p><strong>Alaíde do Feijão</strong><br />
Endereço: Rua das Laranjeiras, 26 – Centro Histórico<br />
Instagram: @<a href="https://www.instagram.com/alaidedofeijaooficial/" target="_blank" rel="noopener">alaidedofeijaooficial</a><br />
Facebook: www.facebook.com/restaurantealaidedofeijaooficial<br />
E-mail: alaidedofeijao_socialmedia@hotmail.com<br />
Telefone: (71) 3321-3634<br />
WhatsApp: (71) 98712-1440</p>

<!-- This site is optimized with the Yoast SEO plugin v21.5 - https://yoast.com/wordpress/plugins/seo/ -->
<title>Alaíde do Feijão - Salvador Capital Afro</title>
<meta name="robots" content="index, follow, max-snippet:-1, max-image-preview:large, max-video-preview:-1" />
<link rel="canonical" href="https://www.salvadordabahia.com/capitalafro/destaques/alaide-do-feijao/" />
<meta property="og:locale" content="pt_BR" />
<meta property="og:type" content="article" />
<meta property="og:title" content="Alaíde do Feijão - Salvador Capital Afro" />
<meta property="og:description" content="Referência negra no Centro Histórico de Salvador Famoso pela boa comida e pelo acolhimento de sua anfitriã – Alaíde Conceição, falecida em 2022, vítima de complicações após contrair Covid-19 –, o restaurante Alaíde do Feijão é uma conhecida referência negra no Centro Histórico de Salvador. As paredes do restaurante, hoje administrado por suas filhas, possuem [&hellip;]" />
<meta property="og:url" content="https://www.salvadordabahia.com/capitalafro/destaques/alaide-do-feijao/" />
<meta property="og:site_name" content="Salvador Capital Afro" />
<meta property="article:modified_time" content="2023-06-16T12:26:15+00:00" />
<meta property="og:image" content="https://www.salvadordabahia.com/capitalafro/wp-content/uploads/2023/05/Alaide-do-Feijao.-Pelourinho.-Foto-divulgacao.jpg" />
	<meta property="og:image:width" content="960" />
	<meta property="og:image:height" content="1280" />
	<meta property="og:image:type" content="image/jpeg" />
<meta name="twitter:card" content="summary_large_image" />
<meta name="twitter:label1" content="Est. tempo de leitura" />
	<meta name="twitter:data1" content="2 minutos" />
<script type="application/ld+json" class="yoast-schema-graph">{"@context":"https://schema.org","@graph":[{"@type":"WebPage","@id":"https://www.salvadordabahia.com/capitalafro/destaques/alaide-do-feijao/","url":"https://www.salvadordabahia.com/capitalafro/destaques/alaide-do-feijao/","name":"Alaíde do Feijão - Salvador Capital Afro","isPartOf":{"@id":"https://www.salvadordabahia.com/capitalafro/#website"},"datePublished":"2023-06-15T21:17:37+00:00","dateModified":"2023-06-16T12:26:15+00:00","breadcrumb":{"@id":"https://www.salvadordabahia.com/capitalafro/destaques/alaide-do-feijao/#breadcrumb"},"inLanguage":"pt-BR","potentialAction":[{"@type":"ReadAction","target":["https://www.salvadordabahia.com/capitalafro/destaques/alaide-do-feijao/"]}]},{"@type":"BreadcrumbList","@id":"https://www.salvadordabahia.com/capitalafro/destaques/alaide-do-feijao/#breadcrumb","itemListElement":[{"@type":"ListItem","position":1,"name":"Início","item":"https://www.salvadordabahia.com/capitalafro/"},{"@type":"ListItem","position":2,"name":"Destaques","item":"https://www.salvadordabahia.com/capitalafro/destaques/"},{"@type":"ListItem","position":3,"name":"Alaíde do Feijão"}]},{"@type":"WebSite","@id":"https://www.salvadordabahia.com/capitalafro/#website","url":"https://www.salvadordabahia.com/capitalafro/","name":"Salvador Capital Afro","description":"","potentialAction":[{"@type":"SearchAction","target":{"@type":"EntryPoint","urlTemplate":"https://www.salvadordabahia.com/capitalafro/?s={search_term_string}"},"query-input":"required name=search_term_string"}],"inLanguage":"pt-BR"}]}</script>
<!-- / Yoast SEO plugin. -->

Alaíde do Feijão - Salvador Capital Afro

Referência negra no Centro Histórico de Salvador Famoso pela boa comida e pelo acolhimento de sua anfitriã – Alaíde Conceição, falecida em 2022, vítima de complicações após contrair Covid-19 –, o restaurante Alaíde do Feijão é uma conhecida referência negra no Centro Histórico de Salvador. As paredes do restaurante, hoje administrado por suas filhas, possuem [&hellip;]

Início
