{"id":1088,"date":"2023-06-15T21:17:22","date_gmt":"2023-06-15T21:17:22","guid":{"rendered":"https:\/\/salvadordabahia.com\/capitalafro\/?post_type=destaques&#038;p=1088"},"modified":"2023-06-16T09:26:21","modified_gmt":"2023-06-16T12:26:21","slug":"canzua-capoeira-angola","status":"publish","type":"destaques","link":"https:\/\/www.salvadordabahia.com\/capitalafro\/destaques\/canzua-capoeira-angola\/","title":{"rendered":"Centro de tradi\u00e7\u00f5es vivas Canzu\u00e1"},"content":{"rendered":"<h2 style=\"text-align: center;\">Fortalecimento de mulheres e m\u00e3es com a pr\u00e1tica da capoeira Angola<\/h2>\n<p>L\u00edder da Canzu\u00e1 de S\u00e3o Benedito e Angola, a mestra de capoeira Dandara Baldez adotou como miss\u00e3o criar um m\u00e9todo pr\u00f3prio para dar continuidade ao legado hist\u00f3rico e ancestral da arte marcial. Atualmente, o principal compromisso do Centro de tradi\u00e7\u00f5es vivas Canzu\u00e1 \u00e9 o fortalecimento de mulheres e m\u00e3es com a pr\u00e1tica da capoeira Angola, com prioridade no combate \u00e0s pr\u00e1ticas de viol\u00eancias sexual e de g\u00eanero e discrimina\u00e7\u00e3o por ra\u00e7a e religiosidade.<\/p>\n<p>A Canzu\u00e1 oferece aulas de capoeira para pessoas de idades diversas em Salvador, com imers\u00e3o na chamada \u201cmatri-dologia afromandinga\u201d, uma experi\u00eancia que faz parte da pesquisa da pr\u00f3pria mestra Dandara para vivenciar a capoeira Angola, contando principalmente com a pluralidade de manifesta\u00e7\u00f5es culturais e religiosas dos povos africanos e ind\u00edgenas. Toda a pr\u00e1tica \u00e9 ensinada de forma a ampliar o campo de percep\u00e7\u00e3o do corpo do aprendiz, em di\u00e1logo com a musicalidade.<\/p>\n<p>A Mestra Dandara ensina a pr\u00e1tica para que o aluno mergulhe nas possibilidades de movimenta\u00e7\u00e3o do corpo integrando a ginga da capoeira com outras perspectivas do dan\u00e7ar, j\u00e1 que, na arte marcial, a musicalidade \u00e9 essencial. A Canzu\u00e1 tamb\u00e9m trabalha para manter pol\u00edticas de inclus\u00e3o pelo afeto e acolhimento nos espa\u00e7os de aquilombamento de pessoas negras.<\/p>\n<h3>Servi\u00e7o<\/h3>\n<p><strong>Canzu\u00e1 Capoeira Angola<\/strong><br \/>\nEndere\u00e7o: Travessa Pedra da Sereia, n\u00ba 5 \u2013 Rio Vermelho<br \/>\nInstagram: <a href=\"https:\/\/www.instagram.com\/canzuacapoeiraangola\/\" target=\"_blank\" rel=\"noopener\">@canzuacapoeiraangola<\/a><br \/>\nSite <a href=\"https:\/\/danbaldez.wixsite.com\/canzuacapoeiraangola\" target=\"_blank\" rel=\"noopener\">neste link.<\/a><br \/>\nTelefone: (71) 99337-9312<\/p>\n","protected":false},"featured_media":1224,"template":"","tipos":[139],"acf":[],"yoast_head":"<!-- This site is optimized with the Yoast SEO plugin v21.5 - https:\/\/yoast.com\/wordpress\/plugins\/seo\/ -->\n<title>Centro de tradi\u00e7\u00f5es vivas Canzu\u00e1 - Salvador Capital Afro<\/title>\n<meta name=\"robots\" content=\"index, follow, max-snippet:-1, max-image-preview:large, max-video-preview:-1\" \/>\n<link rel=\"canonical\" href=\"https:\/\/www.salvadordabahia.com\/capitalafro\/destaques\/canzua-capoeira-angola\/\" \/>\n<meta property=\"og:locale\" content=\"pt_BR\" \/>\n<meta property=\"og:type\" content=\"article\" \/>\n<meta property=\"og:title\" content=\"Centro de tradi\u00e7\u00f5es vivas Canzu\u00e1 - Salvador Capital Afro\" \/>\n<meta property=\"og:description\" content=\"Fortalecimento de mulheres e m\u00e3es com a pr\u00e1tica da capoeira Angola L\u00edder da Canzu\u00e1 de S\u00e3o Benedito e Angola, a mestra de capoeira Dandara Baldez adotou como miss\u00e3o criar um m\u00e9todo pr\u00f3prio para dar continuidade ao legado hist\u00f3rico e ancestral da arte marcial. Atualmente, o principal compromisso do Centro de tradi\u00e7\u00f5es vivas Canzu\u00e1 \u00e9 o [&hellip;]\" \/>\n<meta property=\"og:url\" content=\"https:\/\/www.salvadordabahia.com\/capitalafro\/destaques\/canzua-capoeira-angola\/\" \/>\n<meta property=\"og:site_name\" content=\"Salvador Capital Afro\" \/>\n<meta property=\"article:modified_time\" content=\"2023-06-16T12:26:21+00:00\" \/>\n<meta property=\"og:image\" content=\"https:\/\/www.salvadordabahia.com\/capitalafro\/wp-content\/uploads\/2023\/05\/Canzua.-Destaques.-Foto-divulgacao.jpg\" \/>\n\t<meta property=\"og:image:width\" content=\"843\" \/>\n\t<meta property=\"og:image:height\" content=\"1192\" \/>\n\t<meta property=\"og:image:type\" content=\"image\/jpeg\" \/>\n<meta name=\"twitter:card\" content=\"summary_large_image\" \/>\n<meta name=\"twitter:label1\" content=\"Est. tempo de leitura\" \/>\n\t<meta name=\"twitter:data1\" content=\"2 minutos\" \/>\n<script type=\"application\/ld+json\" class=\"yoast-schema-graph\">{\"@context\":\"https:\/\/schema.org\",\"@graph\":[{\"@type\":\"WebPage\",\"@id\":\"https:\/\/www.salvadordabahia.com\/capitalafro\/destaques\/canzua-capoeira-angola\/\",\"url\":\"https:\/\/www.salvadordabahia.com\/capitalafro\/destaques\/canzua-capoeira-angola\/\",\"name\":\"Centro de tradi\u00e7\u00f5es vivas Canzu\u00e1 - Salvador Capital Afro\",\"isPartOf\":{\"@id\":\"https:\/\/www.salvadordabahia.com\/capitalafro\/#website\"},\"datePublished\":\"2023-06-15T21:17:22+00:00\",\"dateModified\":\"2023-06-16T12:26:21+00:00\",\"breadcrumb\":{\"@id\":\"https:\/\/www.salvadordabahia.com\/capitalafro\/destaques\/canzua-capoeira-angola\/#breadcrumb\"},\"inLanguage\":\"pt-BR\",\"potentialAction\":[{\"@type\":\"ReadAction\",\"target\":[\"https:\/\/www.salvadordabahia.com\/capitalafro\/destaques\/canzua-capoeira-angola\/\"]}]},{\"@type\":\"BreadcrumbList\",\"@id\":\"https:\/\/www.salvadordabahia.com\/capitalafro\/destaques\/canzua-capoeira-angola\/#breadcrumb\",\"itemListElement\":[{\"@type\":\"ListItem\",\"position\":1,\"name\":\"In\u00edcio\",\"item\":\"https:\/\/www.salvadordabahia.com\/capitalafro\/\"},{\"@type\":\"ListItem\",\"position\":2,\"name\":\"Destaques\",\"item\":\"https:\/\/www.salvadordabahia.com\/capitalafro\/destaques\/\"},{\"@type\":\"ListItem\",\"position\":3,\"name\":\"Centro de tradi\u00e7\u00f5es vivas Canzu\u00e1\"}]},{\"@type\":\"WebSite\",\"@id\":\"https:\/\/www.salvadordabahia.com\/capitalafro\/#website\",\"url\":\"https:\/\/www.salvadordabahia.com\/capitalafro\/\",\"name\":\"Salvador Capital Afro\",\"description\":\"\",\"potentialAction\":[{\"@type\":\"SearchAction\",\"target\":{\"@type\":\"EntryPoint\",\"urlTemplate\":\"https:\/\/www.salvadordabahia.com\/capitalafro\/?s={search_term_string}\"},\"query-input\":\"required name=search_term_string\"}],\"inLanguage\":\"pt-BR\"}]}<\/script>\n<!-- \/ Yoast SEO plugin. -->","yoast_head_json":{"title":"Centro de tradi\u00e7\u00f5es vivas Canzu\u00e1 - Salvador Capital Afro","robots":{"index":"index","follow":"follow","max-snippet":"max-snippet:-1","max-image-preview":"max-image-preview:large","max-video-preview":"max-video-preview:-1"},"canonical":"https:\/\/www.salvadordabahia.com\/capitalafro\/destaques\/canzua-capoeira-angola\/","og_locale":"pt_BR","og_type":"article","og_title":"Centro de tradi\u00e7\u00f5es vivas Canzu\u00e1 - Salvador Capital Afro","og_description":"Fortalecimento de mulheres e m\u00e3es com a pr\u00e1tica da capoeira Angola L\u00edder da Canzu\u00e1 de S\u00e3o Benedito e Angola, a mestra de capoeira Dandara Baldez adotou como miss\u00e3o criar um m\u00e9todo pr\u00f3prio para dar continuidade ao legado hist\u00f3rico e ancestral da arte marcial. Atualmente, o principal compromisso do Centro de tradi\u00e7\u00f5es vivas Canzu\u00e1 \u00e9 o [&hellip;]","og_url":"https:\/\/www.salvadordabahia.com\/capitalafro\/destaques\/canzua-capoeira-angola\/","og_site_name":"Salvador Capital Afro","article_modified_time":"2023-06-16T12:26:21+00:00","og_image":[{"width":843,"height":1192,"url":"https:\/\/www.salvadordabahia.com\/capitalafro\/wp-content\/uploads\/2023\/05\/Canzua.-Destaques.-Foto-divulgacao.jpg","type":"image\/jpeg"}],"twitter_card":"summary_large_image","twitter_misc":{"Est. tempo de leitura":"2 minutos"},"schema":{"@context":"https:\/\/schema.org","@graph":[{"@type":"WebPage","@id":"https:\/\/www.salvadordabahia.com\/capitalafro\/destaques\/canzua-capoeira-angola\/","url":"https:\/\/www.salvadordabahia.com\/capitalafro\/destaques\/canzua-capoeira-angola\/","name":"Centro de tradi\u00e7\u00f5es vivas Canzu\u00e1 - Salvador Capital Afro","isPartOf":{"@id":"https:\/\/www.salvadordabahia.com\/capitalafro\/#website"},"datePublished":"2023-06-15T21:17:22+00:00","dateModified":"2023-06-16T12:26:21+00:00","breadcrumb":{"@id":"https:\/\/www.salvadordabahia.com\/capitalafro\/destaques\/canzua-capoeira-angola\/#breadcrumb"},"inLanguage":"pt-BR","potentialAction":[{"@type":"ReadAction","target":["https:\/\/www.salvadordabahia.com\/capitalafro\/destaques\/canzua-capoeira-angola\/"]}]},{"@type":"BreadcrumbList","@id":"https:\/\/www.salvadordabahia.com\/capitalafro\/destaques\/canzua-capoeira-angola\/#breadcrumb","itemListElement":[{"@type":"ListItem","position":1,"name":"In\u00edcio","item":"https:\/\/www.salvadordabahia.com\/capitalafro\/"},{"@type":"ListItem","position":2,"name":"Destaques","item":"https:\/\/www.salvadordabahia.com\/capitalafro\/destaques\/"},{"@type":"ListItem","position":3,"name":"Centro de tradi\u00e7\u00f5es vivas Canzu\u00e1"}]},{"@type":"WebSite","@id":"https:\/\/www.salvadordabahia.com\/capitalafro\/#website","url":"https:\/\/www.salvadordabahia.com\/capitalafro\/","name":"Salvador Capital Afro","description":"","potentialAction":[{"@type":"SearchAction","target":{"@type":"EntryPoint","urlTemplate":"https:\/\/www.salvadordabahia.com\/capitalafro\/?s={search_term_string}"},"query-input":"required name=search_term_string"}],"inLanguage":"pt-BR"}]}},"_links":{"self":[{"href":"https:\/\/www.salvadordabahia.com\/capitalafro\/wp-json\/wp\/v2\/destaques\/1088"}],"collection":[{"href":"https:\/\/www.salvadordabahia.com\/capitalafro\/wp-json\/wp\/v2\/destaques"}],"about":[{"href":"https:\/\/www.salvadordabahia.com\/capitalafro\/wp-json\/wp\/v2\/types\/destaques"}],"wp:featuredmedia":[{"embeddable":true,"href":"https:\/\/www.salvadordabahia.com\/capitalafro\/wp-json\/wp\/v2\/media\/1224"}],"wp:attachment":[{"href":"https:\/\/www.salvadordabahia.com\/capitalafro\/wp-json\/wp\/v2\/media?parent=1088"}],"wp:term":[{"taxonomy":"tipos","embeddable":true,"href":"https:\/\/www.salvadordabahia.com\/capitalafro\/wp-json\/wp\/v2\/tipos?post=1088"}],"curies":[{"name":"wp","href":"https:\/\/api.w.org\/{rel}","templated":true}]}}

Centro de tradições vivas Canzuá

<h2 style="text-align: center;">Fortalecimento de mulheres e mães com a prática da capoeira Angola</h2>
<p>Líder da Canzuá de São Benedito e Angola, a mestra de capoeira Dandara Baldez adotou como missão criar um método próprio para dar continuidade ao legado histórico e ancestral da arte marcial. Atualmente, o principal compromisso do Centro de tradições vivas Canzuá é o fortalecimento de mulheres e mães com a prática da capoeira Angola, com prioridade no combate às práticas de violências sexual e de gênero e discriminação por raça e religiosidade.</p>
<p>A Canzuá oferece aulas de capoeira para pessoas de idades diversas em Salvador, com imersão na chamada “matri-dologia afromandinga”, uma experiência que faz parte da pesquisa da própria mestra Dandara para vivenciar a capoeira Angola, contando principalmente com a pluralidade de manifestações culturais e religiosas dos povos africanos e indígenas. Toda a prática é ensinada de forma a ampliar o campo de percepção do corpo do aprendiz, em diálogo com a musicalidade.</p>
<p>A Mestra Dandara ensina a prática para que o aluno mergulhe nas possibilidades de movimentação do corpo integrando a ginga da capoeira com outras perspectivas do dançar, já que, na arte marcial, a musicalidade é essencial. A Canzuá também trabalha para manter políticas de inclusão pelo afeto e acolhimento nos espaços de aquilombamento de pessoas negras.</p>
<h3>Serviço</h3>
<p><strong>Canzuá Capoeira Angola</strong><br />
Endereço: Travessa Pedra da Sereia, nº 5 – Rio Vermelho<br />
Instagram: <a href="https://www.instagram.com/canzuacapoeiraangola/" target="_blank" rel="noopener">@canzuacapoeiraangola</a><br />
Site <a href="https://danbaldez.wixsite.com/canzuacapoeiraangola" target="_blank" rel="noopener">neste link.</a><br />
Telefone: (71) 99337-9312</p>

<!-- This site is optimized with the Yoast SEO plugin v21.5 - https://yoast.com/wordpress/plugins/seo/ -->
<title>Centro de tradições vivas Canzuá - Salvador Capital Afro</title>
<meta name="robots" content="index, follow, max-snippet:-1, max-image-preview:large, max-video-preview:-1" />
<link rel="canonical" href="https://www.salvadordabahia.com/capitalafro/destaques/canzua-capoeira-angola/" />
<meta property="og:locale" content="pt_BR" />
<meta property="og:type" content="article" />
<meta property="og:title" content="Centro de tradições vivas Canzuá - Salvador Capital Afro" />
<meta property="og:description" content="Fortalecimento de mulheres e mães com a prática da capoeira Angola Líder da Canzuá de São Benedito e Angola, a mestra de capoeira Dandara Baldez adotou como missão criar um método próprio para dar continuidade ao legado histórico e ancestral da arte marcial. Atualmente, o principal compromisso do Centro de tradições vivas Canzuá é o [&hellip;]" />
<meta property="og:url" content="https://www.salvadordabahia.com/capitalafro/destaques/canzua-capoeira-angola/" />
<meta property="og:site_name" content="Salvador Capital Afro" />
<meta property="article:modified_time" content="2023-06-16T12:26:21+00:00" />
<meta property="og:image" content="https://www.salvadordabahia.com/capitalafro/wp-content/uploads/2023/05/Canzua.-Destaques.-Foto-divulgacao.jpg" />
	<meta property="og:image:width" content="843" />
	<meta property="og:image:height" content="1192" />
	<meta property="og:image:type" content="image/jpeg" />
<meta name="twitter:card" content="summary_large_image" />
<meta name="twitter:label1" content="Est. tempo de leitura" />
	<meta name="twitter:data1" content="2 minutos" />
<script type="application/ld+json" class="yoast-schema-graph">{"@context":"https://schema.org","@graph":[{"@type":"WebPage","@id":"https://www.salvadordabahia.com/capitalafro/destaques/canzua-capoeira-angola/","url":"https://www.salvadordabahia.com/capitalafro/destaques/canzua-capoeira-angola/","name":"Centro de tradições vivas Canzuá - Salvador Capital Afro","isPartOf":{"@id":"https://www.salvadordabahia.com/capitalafro/#website"},"datePublished":"2023-06-15T21:17:22+00:00","dateModified":"2023-06-16T12:26:21+00:00","breadcrumb":{"@id":"https://www.salvadordabahia.com/capitalafro/destaques/canzua-capoeira-angola/#breadcrumb"},"inLanguage":"pt-BR","potentialAction":[{"@type":"ReadAction","target":["https://www.salvadordabahia.com/capitalafro/destaques/canzua-capoeira-angola/"]}]},{"@type":"BreadcrumbList","@id":"https://www.salvadordabahia.com/capitalafro/destaques/canzua-capoeira-angola/#breadcrumb","itemListElement":[{"@type":"ListItem","position":1,"name":"Início","item":"https://www.salvadordabahia.com/capitalafro/"},{"@type":"ListItem","position":2,"name":"Destaques","item":"https://www.salvadordabahia.com/capitalafro/destaques/"},{"@type":"ListItem","position":3,"name":"Centro de tradições vivas Canzuá"}]},{"@type":"WebSite","@id":"https://www.salvadordabahia.com/capitalafro/#website","url":"https://www.salvadordabahia.com/capitalafro/","name":"Salvador Capital Afro","description":"","potentialAction":[{"@type":"SearchAction","target":{"@type":"EntryPoint","urlTemplate":"https://www.salvadordabahia.com/capitalafro/?s={search_term_string}"},"query-input":"required name=search_term_string"}],"inLanguage":"pt-BR"}]}</script>
<!-- / Yoast SEO plugin. -->

Centro de tradições vivas Canzuá - Salvador Capital Afro

Fortalecimento de mulheres e mães com a prática da capoeira Angola Líder da Canzuá de São Benedito e Angola, a mestra de capoeira Dandara Baldez adotou como missão criar um método próprio para dar continuidade ao legado histórico e ancestral da arte marcial. Atualmente, o principal compromisso do Centro de tradições vivas Canzuá é o [&hellip;]

Início
