{"id":1081,"date":"2023-06-15T21:17:21","date_gmt":"2023-06-15T21:17:21","guid":{"rendered":"https:\/\/salvadordabahia.com\/capitalafro\/?post_type=destaques&#038;p=1081"},"modified":"2023-06-16T09:26:21","modified_gmt":"2023-06-16T12:26:21","slug":"bloco-cortejo-afro","status":"publish","type":"destaques","link":"https:\/\/www.salvadordabahia.com\/capitalafro\/destaques\/bloco-cortejo-afro\/","title":{"rendered":"Bloco Cortejo Afro"},"content":{"rendered":"<h2 style=\"text-align: center;\">Dan\u00e7a, m\u00fasica e artes visuais em um mesmo espet\u00e1culo<\/h2>\n<p>A cada ver\u00e3o, uma batida com ritmos africanos mesclados \u00e0s batidas eletr\u00f4nicas e ao pop toma conta das noites de segunda-feira no Pelourinho. S\u00e3o os ensaios do Cortejo Afro, que recebe a cada edi\u00e7\u00e3o artistas de express\u00e3o local e nacional, que se apresentam junto com o grupo percussivo. Os shows s\u00e3o uma prepara\u00e7\u00e3o para os desfiles do bloco durante o Carnaval e refletem a energia \u00fanica do que acontece na avenida nos dias da folia momesca.<\/p>\n<p>O Cortejo Afro nasceu em 2 de julho de 1998, idealizado pelo artista pl\u00e1stico Alberto Pitta, que desenvolve trabalhos ligados \u00e0 est\u00e9tica e \u00e0 cultura africana h\u00e1 mais de 40 anos, sob a lideran\u00e7a espiritual da ialorix\u00e1 do Il\u00ea Ax\u00e9 Oy\u00e1, Anizia da Rocha Pitta, M\u00e3e Santinha. A entidade realiza, desde ent\u00e3o, atividades sociais junto \u00e0 comunidade do bairro de Piraj\u00e1, como semin\u00e1rios, exposi\u00e7\u00f5es, capacita\u00e7\u00e3o profissional, feiras e interc\u00e2mbios culturais.<\/p>\n<p>O bloco \u00e9 conhecido pela eleg\u00e2ncia, com estampas marcantes. Alberto Pitta \u00e9 um dos pioneiros na cria\u00e7\u00e3o do que hoje se conhece como estampas afro-baianas, utilizando-se de s\u00edmbolos, ferramentas, indument\u00e1rias e adere\u00e7os dos orix\u00e1s como fonte de inspira\u00e7\u00e3o. A Banda Cortejo Afro, com seus percussionistas, mestres e cantores, une dan\u00e7a, m\u00fasica e artes visuais em um mesmo espet\u00e1culo.<\/p>\n<h3>Servi\u00e7o:<\/h3>\n<p><strong>Bloco Cortejo Afro<\/strong><br \/>\nEndere\u00e7o: Rua Santa Isabel, 10 &#8211; Pelourinho<br \/>\nInstagram: <a href=\"https:\/\/www.instagram.com\/cortejoafro\/\" target=\"_blank\" rel=\"noopener\">@cortejoafro<\/a><br \/>\nSite: <a href=\"https:\/\/www.cortejoafro.com.br\/\" target=\"_blank\" rel=\"noopener\">www.cortejoafro.com.br<\/a><br \/>\nTelefone: 71 9960-5012<br \/>\nE-mail: contato@cortejoafro.com.br<\/p>\n","protected":false},"featured_media":1231,"template":"","tipos":[136],"acf":[],"yoast_head":"<!-- This site is optimized with the Yoast SEO plugin v21.5 - https:\/\/yoast.com\/wordpress\/plugins\/seo\/ -->\n<title>Bloco Cortejo Afro - Salvador Capital Afro<\/title>\n<meta name=\"robots\" content=\"index, follow, max-snippet:-1, max-image-preview:large, max-video-preview:-1\" \/>\n<link rel=\"canonical\" href=\"https:\/\/www.salvadordabahia.com\/capitalafro\/destaques\/bloco-cortejo-afro\/\" \/>\n<meta property=\"og:locale\" content=\"pt_BR\" \/>\n<meta property=\"og:type\" content=\"article\" \/>\n<meta property=\"og:title\" content=\"Bloco Cortejo Afro - Salvador Capital Afro\" \/>\n<meta property=\"og:description\" content=\"Dan\u00e7a, m\u00fasica e artes visuais em um mesmo espet\u00e1culo A cada ver\u00e3o, uma batida com ritmos africanos mesclados \u00e0s batidas eletr\u00f4nicas e ao pop toma conta das noites de segunda-feira no Pelourinho. S\u00e3o os ensaios do Cortejo Afro, que recebe a cada edi\u00e7\u00e3o artistas de express\u00e3o local e nacional, que se apresentam junto com o [&hellip;]\" \/>\n<meta property=\"og:url\" content=\"https:\/\/www.salvadordabahia.com\/capitalafro\/destaques\/bloco-cortejo-afro\/\" \/>\n<meta property=\"og:site_name\" content=\"Salvador Capital Afro\" \/>\n<meta property=\"article:modified_time\" content=\"2023-06-16T12:26:21+00:00\" \/>\n<meta property=\"og:image\" content=\"https:\/\/www.salvadordabahia.com\/capitalafro\/wp-content\/uploads\/2023\/05\/Cortejo-Afro.-Destaques.-Foto-divulgacao.-Andre-Frutuoso-e-Fabricio-Rocha-scaled.jpg\" \/>\n\t<meta property=\"og:image:width\" content=\"2560\" \/>\n\t<meta property=\"og:image:height\" content=\"1707\" \/>\n\t<meta property=\"og:image:type\" content=\"image\/jpeg\" \/>\n<meta name=\"twitter:card\" content=\"summary_large_image\" \/>\n<meta name=\"twitter:label1\" content=\"Est. tempo de leitura\" \/>\n\t<meta name=\"twitter:data1\" content=\"2 minutos\" \/>\n<script type=\"application\/ld+json\" class=\"yoast-schema-graph\">{\"@context\":\"https:\/\/schema.org\",\"@graph\":[{\"@type\":\"WebPage\",\"@id\":\"https:\/\/www.salvadordabahia.com\/capitalafro\/destaques\/bloco-cortejo-afro\/\",\"url\":\"https:\/\/www.salvadordabahia.com\/capitalafro\/destaques\/bloco-cortejo-afro\/\",\"name\":\"Bloco Cortejo Afro - Salvador Capital Afro\",\"isPartOf\":{\"@id\":\"https:\/\/www.salvadordabahia.com\/capitalafro\/#website\"},\"datePublished\":\"2023-06-15T21:17:21+00:00\",\"dateModified\":\"2023-06-16T12:26:21+00:00\",\"breadcrumb\":{\"@id\":\"https:\/\/www.salvadordabahia.com\/capitalafro\/destaques\/bloco-cortejo-afro\/#breadcrumb\"},\"inLanguage\":\"pt-BR\",\"potentialAction\":[{\"@type\":\"ReadAction\",\"target\":[\"https:\/\/www.salvadordabahia.com\/capitalafro\/destaques\/bloco-cortejo-afro\/\"]}]},{\"@type\":\"BreadcrumbList\",\"@id\":\"https:\/\/www.salvadordabahia.com\/capitalafro\/destaques\/bloco-cortejo-afro\/#breadcrumb\",\"itemListElement\":[{\"@type\":\"ListItem\",\"position\":1,\"name\":\"In\u00edcio\",\"item\":\"https:\/\/www.salvadordabahia.com\/capitalafro\/\"},{\"@type\":\"ListItem\",\"position\":2,\"name\":\"Destaques\",\"item\":\"https:\/\/www.salvadordabahia.com\/capitalafro\/destaques\/\"},{\"@type\":\"ListItem\",\"position\":3,\"name\":\"Bloco Cortejo Afro\"}]},{\"@type\":\"WebSite\",\"@id\":\"https:\/\/www.salvadordabahia.com\/capitalafro\/#website\",\"url\":\"https:\/\/www.salvadordabahia.com\/capitalafro\/\",\"name\":\"Salvador Capital Afro\",\"description\":\"\",\"potentialAction\":[{\"@type\":\"SearchAction\",\"target\":{\"@type\":\"EntryPoint\",\"urlTemplate\":\"https:\/\/www.salvadordabahia.com\/capitalafro\/?s={search_term_string}\"},\"query-input\":\"required name=search_term_string\"}],\"inLanguage\":\"pt-BR\"}]}<\/script>\n<!-- \/ Yoast SEO plugin. -->","yoast_head_json":{"title":"Bloco Cortejo Afro - Salvador Capital Afro","robots":{"index":"index","follow":"follow","max-snippet":"max-snippet:-1","max-image-preview":"max-image-preview:large","max-video-preview":"max-video-preview:-1"},"canonical":"https:\/\/www.salvadordabahia.com\/capitalafro\/destaques\/bloco-cortejo-afro\/","og_locale":"pt_BR","og_type":"article","og_title":"Bloco Cortejo Afro - Salvador Capital Afro","og_description":"Dan\u00e7a, m\u00fasica e artes visuais em um mesmo espet\u00e1culo A cada ver\u00e3o, uma batida com ritmos africanos mesclados \u00e0s batidas eletr\u00f4nicas e ao pop toma conta das noites de segunda-feira no Pelourinho. S\u00e3o os ensaios do Cortejo Afro, que recebe a cada edi\u00e7\u00e3o artistas de express\u00e3o local e nacional, que se apresentam junto com o [&hellip;]","og_url":"https:\/\/www.salvadordabahia.com\/capitalafro\/destaques\/bloco-cortejo-afro\/","og_site_name":"Salvador Capital Afro","article_modified_time":"2023-06-16T12:26:21+00:00","og_image":[{"width":2560,"height":1707,"url":"https:\/\/www.salvadordabahia.com\/capitalafro\/wp-content\/uploads\/2023\/05\/Cortejo-Afro.-Destaques.-Foto-divulgacao.-Andre-Frutuoso-e-Fabricio-Rocha-scaled.jpg","type":"image\/jpeg"}],"twitter_card":"summary_large_image","twitter_misc":{"Est. tempo de leitura":"2 minutos"},"schema":{"@context":"https:\/\/schema.org","@graph":[{"@type":"WebPage","@id":"https:\/\/www.salvadordabahia.com\/capitalafro\/destaques\/bloco-cortejo-afro\/","url":"https:\/\/www.salvadordabahia.com\/capitalafro\/destaques\/bloco-cortejo-afro\/","name":"Bloco Cortejo Afro - Salvador Capital Afro","isPartOf":{"@id":"https:\/\/www.salvadordabahia.com\/capitalafro\/#website"},"datePublished":"2023-06-15T21:17:21+00:00","dateModified":"2023-06-16T12:26:21+00:00","breadcrumb":{"@id":"https:\/\/www.salvadordabahia.com\/capitalafro\/destaques\/bloco-cortejo-afro\/#breadcrumb"},"inLanguage":"pt-BR","potentialAction":[{"@type":"ReadAction","target":["https:\/\/www.salvadordabahia.com\/capitalafro\/destaques\/bloco-cortejo-afro\/"]}]},{"@type":"BreadcrumbList","@id":"https:\/\/www.salvadordabahia.com\/capitalafro\/destaques\/bloco-cortejo-afro\/#breadcrumb","itemListElement":[{"@type":"ListItem","position":1,"name":"In\u00edcio","item":"https:\/\/www.salvadordabahia.com\/capitalafro\/"},{"@type":"ListItem","position":2,"name":"Destaques","item":"https:\/\/www.salvadordabahia.com\/capitalafro\/destaques\/"},{"@type":"ListItem","position":3,"name":"Bloco Cortejo Afro"}]},{"@type":"WebSite","@id":"https:\/\/www.salvadordabahia.com\/capitalafro\/#website","url":"https:\/\/www.salvadordabahia.com\/capitalafro\/","name":"Salvador Capital Afro","description":"","potentialAction":[{"@type":"SearchAction","target":{"@type":"EntryPoint","urlTemplate":"https:\/\/www.salvadordabahia.com\/capitalafro\/?s={search_term_string}"},"query-input":"required name=search_term_string"}],"inLanguage":"pt-BR"}]}},"_links":{"self":[{"href":"https:\/\/www.salvadordabahia.com\/capitalafro\/wp-json\/wp\/v2\/destaques\/1081"}],"collection":[{"href":"https:\/\/www.salvadordabahia.com\/capitalafro\/wp-json\/wp\/v2\/destaques"}],"about":[{"href":"https:\/\/www.salvadordabahia.com\/capitalafro\/wp-json\/wp\/v2\/types\/destaques"}],"wp:featuredmedia":[{"embeddable":true,"href":"https:\/\/www.salvadordabahia.com\/capitalafro\/wp-json\/wp\/v2\/media\/1231"}],"wp:attachment":[{"href":"https:\/\/www.salvadordabahia.com\/capitalafro\/wp-json\/wp\/v2\/media?parent=1081"}],"wp:term":[{"taxonomy":"tipos","embeddable":true,"href":"https:\/\/www.salvadordabahia.com\/capitalafro\/wp-json\/wp\/v2\/tipos?post=1081"}],"curies":[{"name":"wp","href":"https:\/\/api.w.org\/{rel}","templated":true}]}}

<h2 style="text-align: center;">Dança, música e artes visuais em um mesmo espetáculo</h2>
<p>A cada verão, uma batida com ritmos africanos mesclados às batidas eletrônicas e ao pop toma conta das noites de segunda-feira no Pelourinho. São os ensaios do Cortejo Afro, que recebe a cada edição artistas de expressão local e nacional, que se apresentam junto com o grupo percussivo. Os shows são uma preparação para os desfiles do bloco durante o Carnaval e refletem a energia única do que acontece na avenida nos dias da folia momesca.</p>
<p>O Cortejo Afro nasceu em 2 de julho de 1998, idealizado pelo artista plástico Alberto Pitta, que desenvolve trabalhos ligados à estética e à cultura africana há mais de 40 anos, sob a liderança espiritual da ialorixá do Ilê Axé Oyá, Anizia da Rocha Pitta, Mãe Santinha. A entidade realiza, desde então, atividades sociais junto à comunidade do bairro de Pirajá, como seminários, exposições, capacitação profissional, feiras e intercâmbios culturais.</p>
<p>O bloco é conhecido pela elegância, com estampas marcantes. Alberto Pitta é um dos pioneiros na criação do que hoje se conhece como estampas afro-baianas, utilizando-se de símbolos, ferramentas, indumentárias e adereços dos orixás como fonte de inspiração. A Banda Cortejo Afro, com seus percussionistas, mestres e cantores, une dança, música e artes visuais em um mesmo espetáculo.</p>
<h3>Serviço:</h3>
<p><strong>Bloco Cortejo Afro</strong><br />
Endereço: Rua Santa Isabel, 10 &#8211; Pelourinho<br />
Instagram: <a href="https://www.instagram.com/cortejoafro/" target="_blank" rel="noopener">@cortejoafro</a><br />
Site: <a href="https://www.cortejoafro.com.br/" target="_blank" rel="noopener">www.cortejoafro.com.br</a><br />
Telefone: 71 9960-5012<br />
E-mail: contato@cortejoafro.com.br</p>

<!-- This site is optimized with the Yoast SEO plugin v21.5 - https://yoast.com/wordpress/plugins/seo/ -->
<title>Bloco Cortejo Afro - Salvador Capital Afro</title>
<meta name="robots" content="index, follow, max-snippet:-1, max-image-preview:large, max-video-preview:-1" />
<link rel="canonical" href="https://www.salvadordabahia.com/capitalafro/destaques/bloco-cortejo-afro/" />
<meta property="og:locale" content="pt_BR" />
<meta property="og:type" content="article" />
<meta property="og:title" content="Bloco Cortejo Afro - Salvador Capital Afro" />
<meta property="og:description" content="Dança, música e artes visuais em um mesmo espetáculo A cada verão, uma batida com ritmos africanos mesclados às batidas eletrônicas e ao pop toma conta das noites de segunda-feira no Pelourinho. São os ensaios do Cortejo Afro, que recebe a cada edição artistas de expressão local e nacional, que se apresentam junto com o [&hellip;]" />
<meta property="og:url" content="https://www.salvadordabahia.com/capitalafro/destaques/bloco-cortejo-afro/" />
<meta property="og:site_name" content="Salvador Capital Afro" />
<meta property="article:modified_time" content="2023-06-16T12:26:21+00:00" />
<meta property="og:image" content="https://www.salvadordabahia.com/capitalafro/wp-content/uploads/2023/05/Cortejo-Afro.-Destaques.-Foto-divulgacao.-Andre-Frutuoso-e-Fabricio-Rocha-scaled.jpg" />
	<meta property="og:image:width" content="2560" />
	<meta property="og:image:height" content="1707" />
	<meta property="og:image:type" content="image/jpeg" />
<meta name="twitter:card" content="summary_large_image" />
<meta name="twitter:label1" content="Est. tempo de leitura" />
	<meta name="twitter:data1" content="2 minutos" />
<script type="application/ld+json" class="yoast-schema-graph">{"@context":"https://schema.org","@graph":[{"@type":"WebPage","@id":"https://www.salvadordabahia.com/capitalafro/destaques/bloco-cortejo-afro/","url":"https://www.salvadordabahia.com/capitalafro/destaques/bloco-cortejo-afro/","name":"Bloco Cortejo Afro - Salvador Capital Afro","isPartOf":{"@id":"https://www.salvadordabahia.com/capitalafro/#website"},"datePublished":"2023-06-15T21:17:21+00:00","dateModified":"2023-06-16T12:26:21+00:00","breadcrumb":{"@id":"https://www.salvadordabahia.com/capitalafro/destaques/bloco-cortejo-afro/#breadcrumb"},"inLanguage":"pt-BR","potentialAction":[{"@type":"ReadAction","target":["https://www.salvadordabahia.com/capitalafro/destaques/bloco-cortejo-afro/"]}]},{"@type":"BreadcrumbList","@id":"https://www.salvadordabahia.com/capitalafro/destaques/bloco-cortejo-afro/#breadcrumb","itemListElement":[{"@type":"ListItem","position":1,"name":"Início","item":"https://www.salvadordabahia.com/capitalafro/"},{"@type":"ListItem","position":2,"name":"Destaques","item":"https://www.salvadordabahia.com/capitalafro/destaques/"},{"@type":"ListItem","position":3,"name":"Bloco Cortejo Afro"}]},{"@type":"WebSite","@id":"https://www.salvadordabahia.com/capitalafro/#website","url":"https://www.salvadordabahia.com/capitalafro/","name":"Salvador Capital Afro","description":"","potentialAction":[{"@type":"SearchAction","target":{"@type":"EntryPoint","urlTemplate":"https://www.salvadordabahia.com/capitalafro/?s={search_term_string}"},"query-input":"required name=search_term_string"}],"inLanguage":"pt-BR"}]}</script>
<!-- / Yoast SEO plugin. -->

Dança, música e artes visuais em um mesmo espetáculo A cada verão, uma batida com ritmos africanos mesclados às batidas eletrônicas e ao pop toma conta das noites de segunda-feira no Pelourinho. São os ensaios do Cortejo Afro, que recebe a cada edição artistas de expressão local e nacional, que se apresentam junto com o [&hellip;]

Início
