{"id":1073,"date":"2023-06-15T21:17:17","date_gmt":"2023-06-15T21:17:17","guid":{"rendered":"https:\/\/salvadordabahia.com\/capitalafro\/?post_type=destaques&#038;p=1073"},"modified":"2023-06-16T09:26:23","modified_gmt":"2023-06-16T12:26:23","slug":"afoxe-filhos-de-gandhy","status":"publish","type":"destaques","link":"https:\/\/www.salvadordabahia.com\/capitalafro\/destaques\/afoxe-filhos-de-gandhy\/","title":{"rendered":"Afox\u00e9 Filhos de Gandhy"},"content":{"rendered":"<h2 style=\"text-align: center;\">O maior afox\u00e9 da folia baiana<\/h2>\n<p>No Carnaval, qualquer trio que estiver passando desliga o som quando o maior afox\u00e9 da folia baiana, o Filhos de Gandhy, desponta fazendo o desfile do \u201ctapete branco\u201d. Constitu\u00eddo exclusivamente por homens, seus integrantes vestem len\u00e7ol branco, alpercata, meia, os famosos colares azuis e brancos (simbolizando os orix\u00e1s Oxal\u00e1 e Ogum) e o turbante, feito na cabe\u00e7a do associado por um(a) artes\u00e3o(\u00e3), usando uma toalha. Sem contar a alfazema, que perfuma todo o trajeto por onde o cortejo passa.<\/p>\n<p>A agremia\u00e7\u00e3o, fundada por estivadores do Porto de Salvador em fevereiro de 1949, foi inspirada nos princ\u00edpios de n\u00e3o viol\u00eancia e paz do ativista indiano Mahatma Gandhi e tem tamb\u00e9m como caracter\u00edstica todo repert\u00f3rio com o ritmo africano ijex\u00e1, de origem nigeriana, e c\u00e2nticos em iorub\u00e1. Com ra\u00edzes profundas na religiosidade de matriz africana, as sa\u00eddas s\u00f3 acontecem ap\u00f3s obriga\u00e7\u00f5es religiosas, como o pad\u00ea para Exu, feito no Largo do Pelourinho, para abrir os caminhos e pedir prote\u00e7\u00e3o, al\u00e9m do milho branco, que \u00e9 dispensado ao longo do circuito.<\/p>\n<p>A sede da agremia\u00e7\u00e3o funciona o ano inteiro, onde ficam a administra\u00e7\u00e3o e a quadra de ensaios, que abriga atividades com a comunidade. Al\u00e9m do Carnaval, o Filhos de Gandhy tem um calend\u00e1rio religioso, participando de festas como a Lavagem do Bonfim, a Lavagem de Itapu\u00e3, a Festa de Iemanj\u00e1, a Festa de Santa Luzia, a Festa de Santa B\u00e1rbara, entre outras.<\/p>\n<h3>Servi\u00e7o:<\/h3>\n<p><strong>Afox\u00e9 Filhos de Gandhy<\/strong><br \/>\nEndere\u00e7o: Rua Maciel de Baixo, 53 \u2013 Pelourinho<br \/>\nInstagram: @<a href=\"https:\/\/www.instagram.com\/gandhyoficial\/\" target=\"_blank\" rel=\"noopener\">gandhyoficial<\/a><br \/>\nFacebook: @filhosdegandhyoficial<\/p>\n","protected":false},"featured_media":1239,"template":"","tipos":[136],"acf":[],"yoast_head":"<!-- This site is optimized with the Yoast SEO plugin v21.5 - https:\/\/yoast.com\/wordpress\/plugins\/seo\/ -->\n<title>Afox\u00e9 Filhos de Gandhy - Salvador Capital Afro<\/title>\n<meta name=\"robots\" content=\"index, follow, max-snippet:-1, max-image-preview:large, max-video-preview:-1\" \/>\n<link rel=\"canonical\" href=\"https:\/\/www.salvadordabahia.com\/capitalafro\/destaques\/afoxe-filhos-de-gandhy\/\" \/>\n<meta property=\"og:locale\" content=\"pt_BR\" \/>\n<meta property=\"og:type\" content=\"article\" \/>\n<meta property=\"og:title\" content=\"Afox\u00e9 Filhos de Gandhy - Salvador Capital Afro\" \/>\n<meta property=\"og:description\" content=\"O maior afox\u00e9 da folia baiana No Carnaval, qualquer trio que estiver passando desliga o som quando o maior afox\u00e9 da folia baiana, o Filhos de Gandhy, desponta fazendo o desfile do \u201ctapete branco\u201d. Constitu\u00eddo exclusivamente por homens, seus integrantes vestem len\u00e7ol branco, alpercata, meia, os famosos colares azuis e brancos (simbolizando os orix\u00e1s Oxal\u00e1 [&hellip;]\" \/>\n<meta property=\"og:url\" content=\"https:\/\/www.salvadordabahia.com\/capitalafro\/destaques\/afoxe-filhos-de-gandhy\/\" \/>\n<meta property=\"og:site_name\" content=\"Salvador Capital Afro\" \/>\n<meta property=\"article:modified_time\" content=\"2023-06-16T12:26:23+00:00\" \/>\n<meta property=\"og:image\" content=\"https:\/\/www.salvadordabahia.com\/capitalafro\/wp-content\/uploads\/2023\/05\/Filhos-de-Gandhy.-Destaques.-Foto-divulgacao-scaled.jpg\" \/>\n\t<meta property=\"og:image:width\" content=\"2560\" \/>\n\t<meta property=\"og:image:height\" content=\"1707\" \/>\n\t<meta property=\"og:image:type\" content=\"image\/jpeg\" \/>\n<meta name=\"twitter:card\" content=\"summary_large_image\" \/>\n<meta name=\"twitter:label1\" content=\"Est. tempo de leitura\" \/>\n\t<meta name=\"twitter:data1\" content=\"2 minutos\" \/>\n<script type=\"application\/ld+json\" class=\"yoast-schema-graph\">{\"@context\":\"https:\/\/schema.org\",\"@graph\":[{\"@type\":\"WebPage\",\"@id\":\"https:\/\/www.salvadordabahia.com\/capitalafro\/destaques\/afoxe-filhos-de-gandhy\/\",\"url\":\"https:\/\/www.salvadordabahia.com\/capitalafro\/destaques\/afoxe-filhos-de-gandhy\/\",\"name\":\"Afox\u00e9 Filhos de Gandhy - Salvador Capital Afro\",\"isPartOf\":{\"@id\":\"https:\/\/www.salvadordabahia.com\/capitalafro\/#website\"},\"datePublished\":\"2023-06-15T21:17:17+00:00\",\"dateModified\":\"2023-06-16T12:26:23+00:00\",\"breadcrumb\":{\"@id\":\"https:\/\/www.salvadordabahia.com\/capitalafro\/destaques\/afoxe-filhos-de-gandhy\/#breadcrumb\"},\"inLanguage\":\"pt-BR\",\"potentialAction\":[{\"@type\":\"ReadAction\",\"target\":[\"https:\/\/www.salvadordabahia.com\/capitalafro\/destaques\/afoxe-filhos-de-gandhy\/\"]}]},{\"@type\":\"BreadcrumbList\",\"@id\":\"https:\/\/www.salvadordabahia.com\/capitalafro\/destaques\/afoxe-filhos-de-gandhy\/#breadcrumb\",\"itemListElement\":[{\"@type\":\"ListItem\",\"position\":1,\"name\":\"In\u00edcio\",\"item\":\"https:\/\/www.salvadordabahia.com\/capitalafro\/\"},{\"@type\":\"ListItem\",\"position\":2,\"name\":\"Destaques\",\"item\":\"https:\/\/www.salvadordabahia.com\/capitalafro\/destaques\/\"},{\"@type\":\"ListItem\",\"position\":3,\"name\":\"Afox\u00e9 Filhos de Gandhy\"}]},{\"@type\":\"WebSite\",\"@id\":\"https:\/\/www.salvadordabahia.com\/capitalafro\/#website\",\"url\":\"https:\/\/www.salvadordabahia.com\/capitalafro\/\",\"name\":\"Salvador Capital Afro\",\"description\":\"\",\"potentialAction\":[{\"@type\":\"SearchAction\",\"target\":{\"@type\":\"EntryPoint\",\"urlTemplate\":\"https:\/\/www.salvadordabahia.com\/capitalafro\/?s={search_term_string}\"},\"query-input\":\"required name=search_term_string\"}],\"inLanguage\":\"pt-BR\"}]}<\/script>\n<!-- \/ Yoast SEO plugin. -->","yoast_head_json":{"title":"Afox\u00e9 Filhos de Gandhy - Salvador Capital Afro","robots":{"index":"index","follow":"follow","max-snippet":"max-snippet:-1","max-image-preview":"max-image-preview:large","max-video-preview":"max-video-preview:-1"},"canonical":"https:\/\/www.salvadordabahia.com\/capitalafro\/destaques\/afoxe-filhos-de-gandhy\/","og_locale":"pt_BR","og_type":"article","og_title":"Afox\u00e9 Filhos de Gandhy - Salvador Capital Afro","og_description":"O maior afox\u00e9 da folia baiana No Carnaval, qualquer trio que estiver passando desliga o som quando o maior afox\u00e9 da folia baiana, o Filhos de Gandhy, desponta fazendo o desfile do \u201ctapete branco\u201d. Constitu\u00eddo exclusivamente por homens, seus integrantes vestem len\u00e7ol branco, alpercata, meia, os famosos colares azuis e brancos (simbolizando os orix\u00e1s Oxal\u00e1 [&hellip;]","og_url":"https:\/\/www.salvadordabahia.com\/capitalafro\/destaques\/afoxe-filhos-de-gandhy\/","og_site_name":"Salvador Capital Afro","article_modified_time":"2023-06-16T12:26:23+00:00","og_image":[{"width":2560,"height":1707,"url":"https:\/\/www.salvadordabahia.com\/capitalafro\/wp-content\/uploads\/2023\/05\/Filhos-de-Gandhy.-Destaques.-Foto-divulgacao-scaled.jpg","type":"image\/jpeg"}],"twitter_card":"summary_large_image","twitter_misc":{"Est. tempo de leitura":"2 minutos"},"schema":{"@context":"https:\/\/schema.org","@graph":[{"@type":"WebPage","@id":"https:\/\/www.salvadordabahia.com\/capitalafro\/destaques\/afoxe-filhos-de-gandhy\/","url":"https:\/\/www.salvadordabahia.com\/capitalafro\/destaques\/afoxe-filhos-de-gandhy\/","name":"Afox\u00e9 Filhos de Gandhy - Salvador Capital Afro","isPartOf":{"@id":"https:\/\/www.salvadordabahia.com\/capitalafro\/#website"},"datePublished":"2023-06-15T21:17:17+00:00","dateModified":"2023-06-16T12:26:23+00:00","breadcrumb":{"@id":"https:\/\/www.salvadordabahia.com\/capitalafro\/destaques\/afoxe-filhos-de-gandhy\/#breadcrumb"},"inLanguage":"pt-BR","potentialAction":[{"@type":"ReadAction","target":["https:\/\/www.salvadordabahia.com\/capitalafro\/destaques\/afoxe-filhos-de-gandhy\/"]}]},{"@type":"BreadcrumbList","@id":"https:\/\/www.salvadordabahia.com\/capitalafro\/destaques\/afoxe-filhos-de-gandhy\/#breadcrumb","itemListElement":[{"@type":"ListItem","position":1,"name":"In\u00edcio","item":"https:\/\/www.salvadordabahia.com\/capitalafro\/"},{"@type":"ListItem","position":2,"name":"Destaques","item":"https:\/\/www.salvadordabahia.com\/capitalafro\/destaques\/"},{"@type":"ListItem","position":3,"name":"Afox\u00e9 Filhos de Gandhy"}]},{"@type":"WebSite","@id":"https:\/\/www.salvadordabahia.com\/capitalafro\/#website","url":"https:\/\/www.salvadordabahia.com\/capitalafro\/","name":"Salvador Capital Afro","description":"","potentialAction":[{"@type":"SearchAction","target":{"@type":"EntryPoint","urlTemplate":"https:\/\/www.salvadordabahia.com\/capitalafro\/?s={search_term_string}"},"query-input":"required name=search_term_string"}],"inLanguage":"pt-BR"}]}},"_links":{"self":[{"href":"https:\/\/www.salvadordabahia.com\/capitalafro\/wp-json\/wp\/v2\/destaques\/1073"}],"collection":[{"href":"https:\/\/www.salvadordabahia.com\/capitalafro\/wp-json\/wp\/v2\/destaques"}],"about":[{"href":"https:\/\/www.salvadordabahia.com\/capitalafro\/wp-json\/wp\/v2\/types\/destaques"}],"wp:featuredmedia":[{"embeddable":true,"href":"https:\/\/www.salvadordabahia.com\/capitalafro\/wp-json\/wp\/v2\/media\/1239"}],"wp:attachment":[{"href":"https:\/\/www.salvadordabahia.com\/capitalafro\/wp-json\/wp\/v2\/media?parent=1073"}],"wp:term":[{"taxonomy":"tipos","embeddable":true,"href":"https:\/\/www.salvadordabahia.com\/capitalafro\/wp-json\/wp\/v2\/tipos?post=1073"}],"curies":[{"name":"wp","href":"https:\/\/api.w.org\/{rel}","templated":true}]}}

Afoxé Filhos de Gandhy

<h2 style="text-align: center;">O maior afoxé da folia baiana</h2>
<p>No Carnaval, qualquer trio que estiver passando desliga o som quando o maior afoxé da folia baiana, o Filhos de Gandhy, desponta fazendo o desfile do “tapete branco”. Constituído exclusivamente por homens, seus integrantes vestem lençol branco, alpercata, meia, os famosos colares azuis e brancos (simbolizando os orixás Oxalá e Ogum) e o turbante, feito na cabeça do associado por um(a) artesão(ã), usando uma toalha. Sem contar a alfazema, que perfuma todo o trajeto por onde o cortejo passa.</p>
<p>A agremiação, fundada por estivadores do Porto de Salvador em fevereiro de 1949, foi inspirada nos princípios de não violência e paz do ativista indiano Mahatma Gandhi e tem também como característica todo repertório com o ritmo africano ijexá, de origem nigeriana, e cânticos em iorubá. Com raízes profundas na religiosidade de matriz africana, as saídas só acontecem após obrigações religiosas, como o padê para Exu, feito no Largo do Pelourinho, para abrir os caminhos e pedir proteção, além do milho branco, que é dispensado ao longo do circuito.</p>
<p>A sede da agremiação funciona o ano inteiro, onde ficam a administração e a quadra de ensaios, que abriga atividades com a comunidade. Além do Carnaval, o Filhos de Gandhy tem um calendário religioso, participando de festas como a Lavagem do Bonfim, a Lavagem de Itapuã, a Festa de Iemanjá, a Festa de Santa Luzia, a Festa de Santa Bárbara, entre outras.</p>
<h3>Serviço:</h3>
<p><strong>Afoxé Filhos de Gandhy</strong><br />
Endereço: Rua Maciel de Baixo, 53 – Pelourinho<br />
Instagram: @<a href="https://www.instagram.com/gandhyoficial/" target="_blank" rel="noopener">gandhyoficial</a><br />
Facebook: @filhosdegandhyoficial</p>

<!-- This site is optimized with the Yoast SEO plugin v21.5 - https://yoast.com/wordpress/plugins/seo/ -->
<title>Afoxé Filhos de Gandhy - Salvador Capital Afro</title>
<meta name="robots" content="index, follow, max-snippet:-1, max-image-preview:large, max-video-preview:-1" />
<link rel="canonical" href="https://www.salvadordabahia.com/capitalafro/destaques/afoxe-filhos-de-gandhy/" />
<meta property="og:locale" content="pt_BR" />
<meta property="og:type" content="article" />
<meta property="og:title" content="Afoxé Filhos de Gandhy - Salvador Capital Afro" />
<meta property="og:description" content="O maior afoxé da folia baiana No Carnaval, qualquer trio que estiver passando desliga o som quando o maior afoxé da folia baiana, o Filhos de Gandhy, desponta fazendo o desfile do “tapete branco”. Constituído exclusivamente por homens, seus integrantes vestem lençol branco, alpercata, meia, os famosos colares azuis e brancos (simbolizando os orixás Oxalá [&hellip;]" />
<meta property="og:url" content="https://www.salvadordabahia.com/capitalafro/destaques/afoxe-filhos-de-gandhy/" />
<meta property="og:site_name" content="Salvador Capital Afro" />
<meta property="article:modified_time" content="2023-06-16T12:26:23+00:00" />
<meta property="og:image" content="https://www.salvadordabahia.com/capitalafro/wp-content/uploads/2023/05/Filhos-de-Gandhy.-Destaques.-Foto-divulgacao-scaled.jpg" />
	<meta property="og:image:width" content="2560" />
	<meta property="og:image:height" content="1707" />
	<meta property="og:image:type" content="image/jpeg" />
<meta name="twitter:card" content="summary_large_image" />
<meta name="twitter:label1" content="Est. tempo de leitura" />
	<meta name="twitter:data1" content="2 minutos" />
<script type="application/ld+json" class="yoast-schema-graph">{"@context":"https://schema.org","@graph":[{"@type":"WebPage","@id":"https://www.salvadordabahia.com/capitalafro/destaques/afoxe-filhos-de-gandhy/","url":"https://www.salvadordabahia.com/capitalafro/destaques/afoxe-filhos-de-gandhy/","name":"Afoxé Filhos de Gandhy - Salvador Capital Afro","isPartOf":{"@id":"https://www.salvadordabahia.com/capitalafro/#website"},"datePublished":"2023-06-15T21:17:17+00:00","dateModified":"2023-06-16T12:26:23+00:00","breadcrumb":{"@id":"https://www.salvadordabahia.com/capitalafro/destaques/afoxe-filhos-de-gandhy/#breadcrumb"},"inLanguage":"pt-BR","potentialAction":[{"@type":"ReadAction","target":["https://www.salvadordabahia.com/capitalafro/destaques/afoxe-filhos-de-gandhy/"]}]},{"@type":"BreadcrumbList","@id":"https://www.salvadordabahia.com/capitalafro/destaques/afoxe-filhos-de-gandhy/#breadcrumb","itemListElement":[{"@type":"ListItem","position":1,"name":"Início","item":"https://www.salvadordabahia.com/capitalafro/"},{"@type":"ListItem","position":2,"name":"Destaques","item":"https://www.salvadordabahia.com/capitalafro/destaques/"},{"@type":"ListItem","position":3,"name":"Afoxé Filhos de Gandhy"}]},{"@type":"WebSite","@id":"https://www.salvadordabahia.com/capitalafro/#website","url":"https://www.salvadordabahia.com/capitalafro/","name":"Salvador Capital Afro","description":"","potentialAction":[{"@type":"SearchAction","target":{"@type":"EntryPoint","urlTemplate":"https://www.salvadordabahia.com/capitalafro/?s={search_term_string}"},"query-input":"required name=search_term_string"}],"inLanguage":"pt-BR"}]}</script>
<!-- / Yoast SEO plugin. -->

Afoxé Filhos de Gandhy - Salvador Capital Afro

O maior afoxé da folia baiana No Carnaval, qualquer trio que estiver passando desliga o som quando o maior afoxé da folia baiana, o Filhos de Gandhy, desponta fazendo o desfile do “tapete branco”. Constituído exclusivamente por homens, seus integrantes vestem lençol branco, alpercata, meia, os famosos colares azuis e brancos (simbolizando os orixás Oxalá [&hellip;]

Início
